NOAA style reports

Note: Some NOAA reports are not available. For a complete summary of all available archival weather data please this page.

Year to date and all Time Records: Are available on the Live page. Look for the Records push button.

2018: Jan | Feb | Mar | Apr | May | Jun | Jul | Aug | Sep | Oct | Nov | Dec 
2017: Jan | Feb | Mar | Apr | May | Jun | Jul | Aug | Sep | Oct | Nov | Dec 
2016: Jan | Feb | Mar | Apr | May | Jun | Jul | Aug | Sep | Oct | Nov | Dec 
2015: Jan | Feb | Mar | Apr | May | Jun | Jul | Aug | Sep | Oct | Nov | Dec 
2014: Jan | Feb | Mar | Apr | May | Jun | Jul | Aug | Sep | Oct | Nov | Dec 
2013: Jan | Feb | Mar | Apr | May | Jun | Jul | Aug | Sep | Oct | Nov | Dec 
2012: Jan | Feb | Mar | Apr | May | Jun | Jul | Aug | Sep | Oct | Nov | Dec 
2011: Jan | Feb | Mar | Apr | May | Jun | Jul | Aug | Sep | Oct | Nov | Dec 
2010: Jan | Feb | Mar | Apr | May | Jun | Jul | Aug | Sep | Oct | Nov | Dec 
2009: Jan | Feb | Mar | Apr | May | Jun | Jul | Aug | Sep | Oct | Nov | Dec 
 2008: Jan | Feb | Mar | Apr | May | Jun | Jul | Aug | Sep | Oct | Nov | Dec 
2007: Jan | Feb | Mar | Apr | May | Jun | Jul | Aug | Sep | Oct | Nov | Dec 
 2006: Jan | Feb | Mar | Apr | May | Jun | Jul | Aug | Sep | Oct | Nov | Dec 

Report for 2008 02
MONTHLY CLIMATOLOGICAL SUMMARY for FEB. 2008 NAME: Estes Park - Truta CITY: Estes Park STATE: Colorado ELEV: 7700 ft LAT: 40 12' 00" N LONG: 105 12' 00" W TEMPERATURE (F), RAIN (in), WIND SPEED (mph) HEAT COOL AVG MEAN DEG DEG WIND DOM DAY TEMP HIGH TIME LOW TIME DAYS DAYS RAIN SPEED HIGH TIME DIR ------------------------------------------------------------------------------------ 1 23.9 31.2 1:35p 16.1 11:34p 39.5 0.0 0.00 12.2 37.0 12:10p WSW 2 18.3 27.3 12:48p 11.1 6:47a 44.5 0.0 0.00 5.2 35.0 10:00p WSW 3 27.1 34.0 2:43p 0.6 7:49a 36.1 0.0 0.00 11.0 47.0 6:05a WSW 4 21.2 29.3 1:08a 13.3 7:56p 42.2 0.0 0.01 3.1 20.0 1:05a NE 5 12.2 21.6 11:26a 3.0 7:40p 49.8 0.0 0.03 3.3 37.0 9:23p NNE 6 19.6 30.3 11:44a 2.8 11:09a 42.3 0.0 0.00 14.5 43.0 4:28a WSW 7 19.9 28.5 12:57p 11.9 1:11a 42.9 0.0 0.00 15.0 60.0 8:46a WSW 8 22.5 25.7 10:38p 17.7 6:59a 41.4 0.0 0.00 13.1 51.0 5:16p W 9 31.8 38.0 2:31p 8.4 11:11a 32.2 0.0 0.00 18.3 56.0 3:21a W 10 36.1 46.4 2:33p 16.0 11:22a 27.5 0.0 0.00 11.2 42.0 12:00m WSW 11 31.1 37.6 9:08a 21.9 6:20p 32.9 0.0 0.00 13.1 53.0 1:00a WSW 12 29.8 36.5 1:49p 6.8 11:20a 33.8 0.0 0.00 10.1 40.0 10:45p WSW 13 39.7 49.9 2:00p 29.8 12:00m 24.7 0.0 0.00 12.2 49.0 7:24a WSW 14 16.4 29.8 12:01a 5.8 9:38p 46.7 0.0 0.09 2.8 13.0 12:46a ENE 15 20.6 43.3 3:14p 0.0 6:17a 43.0 0.0 0.03 2.7 26.0 11:56p SE 16 33.8 40.9 10:33a 24.4 11:51p 30.5 0.0 0.00 15.3 39.0 6:07a WSW 17 21.7 28.8 11:42a 16.2 9:09p 41.7 0.0 0.00 8.9 32.0 10:47p WSW 18 27.5 37.3 3:50p 19.5 1:15a 36.6 0.0 0.00 12.7 38.0 11:28a W 19 38.5 49.9 12:06p 28.5 2:31a 25.3 0.0 0.00 11.2 33.0 1:47p W 20 38.5 48.8 11:18a 26.3 6:29a 25.4 0.0 0.00 6.2 26.0 3:21p WSW 21 31.3 41.1 10:52a 9.1 12:25p 31.7 0.0 0.00 3.0 16.0 11:42a N 22 31.9 41.9 1:39p 16.5 2:20a 31.3 0.0 0.00 7.6 32.0 12:27p N 23 30.0 43.9 1:55p 20.0 3:47a 33.3 0.0 0.01 4.7 27.0 1:46p WNW 24 37.2 44.6 12:07p 30.9 12:01a 26.3 0.0 0.01 13.1 45.0 1:58a WSW 25 31.9 38.6 2:40p 25.0 11:22p 31.8 0.0 0.00 8.7 36.0 3:48a WSW 26 18.5 28.7 8:33a 14.4 5:09a 16.3 0.0 0.00 0.5 17.0 8:19a NE 27 42.2 50.4 3:23p 40.3 10:04p 3.2 0.0 0.00 1.6 35.0 1:24p SW 28 40.2 48.9 2:42p 30.1 4:58a 23.1 0.0 0.00 12.3 40.0 1:37a WSW 29 39.8 53.6 3:00p 23.5 6:53a 23.6 0.0 0.00 8.6 39.0 4:17p WSW ------------------------------------------------------------------------------------- 28.7 53.6 29 0.0 15 959.6 0.0 0.18 9.0 60.0 7 WSW Max >= 90.0: 0 Max <= 32.0: 10 Min <= 32.0: 28 Min <= 0.0: 1 Max Rain: 0.09 ON 02/14/08 Days of Rain: 3 (>.01 in) 0 (>.1 in) 0 (>1 in) Heat Base: 65.0 Cool Base: 65.0 Method: Integration

Station affiliations

Weather data published to:,
Weather Underground, Citizen Weather Observer Program, WeatherForYou, AnythingWeather.com

Member of: Weather-Matrix, Weather-Watch.com

Quote from the patron saint of the webmaster, St. Alphonsus Liguori :
"My Jesus, Thou alone art sufficient for me.  My love, do not permit me to separate myself from Thee.  When shall I be able to say, 'My God, I cannot lose thee any more?' "

 ©2007 EstesParkWeather.net and ExceptionalWeather.com. EstesParkWeather.net is part of the ExceptionalWeather Network
Radar/maps © Weather Underground. Used with permission.    Valid XHTML 1.0     Valid CSS
Never base important decisions on this or any weather information obtained from the Internet.