NOAA style reports

Note: Some NOAA reports are not available. For a complete summary of all available archival weather data please this page.

Year to date and all Time Records: Are available on the Live page. Look for the Records push button.

2018: Jan | Feb | Mar | Apr | May | Jun | Jul | Aug | Sep | Oct | Nov | Dec 
2017: Jan | Feb | Mar | Apr | May | Jun | Jul | Aug | Sep | Oct | Nov | Dec 
2016: Jan | Feb | Mar | Apr | May | Jun | Jul | Aug | Sep | Oct | Nov | Dec 
2015: Jan | Feb | Mar | Apr | May | Jun | Jul | Aug | Sep | Oct | Nov | Dec 
2014: Jan | Feb | Mar | Apr | May | Jun | Jul | Aug | Sep | Oct | Nov | Dec 
2013: Jan | Feb | Mar | Apr | May | Jun | Jul | Aug | Sep | Oct | Nov | Dec 
2012: Jan | Feb | Mar | Apr | May | Jun | Jul | Aug | Sep | Oct | Nov | Dec 
2011: Jan | Feb | Mar | Apr | May | Jun | Jul | Aug | Sep | Oct | Nov | Dec 
2010: Jan | Feb | Mar | Apr | May | Jun | Jul | Aug | Sep | Oct | Nov | Dec 
2009: Jan | Feb | Mar | Apr | May | Jun | Jul | Aug | Sep | Oct | Nov | Dec 
 2008: Jan | Feb | Mar | Apr | May | Jun | Jul | Aug | Sep | Oct | Nov | Dec 
2007: Jan | Feb | Mar | Apr | May | Jun | Jul | Aug | Sep | Oct | Nov | Dec 
 2006: Jan | Feb | Mar | Apr | May | Jun | Jul | Aug | Sep | Oct | Nov | Dec 

Report for 2008 01
MONTHLY CLIMATOLOGICAL SUMMARY for JAN. 2008 NAME: Estes Park - Truta CITY: Estes Park STATE: Colorado ELEV: 7700 ft LAT: 40 12' 00" N LONG: 105 12' 00" W TEMPERATURE (F), RAIN (in), WIND SPEED (mph) HEAT COOL AVG MEAN DEG DEG WIND DOM DAY TEMP HIGH TIME LOW TIME DAYS DAYS RAIN SPEED HIGH TIME DIR ------------------------------------------------------------------------------------ 1 2 3 4 5 6 7 8 9 10 11 12 13 14 15 26.3 38.6 1:27p 11.7 11:06p 21.6 0.0 0.00 13.6 35.0 8:42p WSW 16 7.4 13.8 11:11a -4.6 8:39p 55.0 0.0 0.00 5.2 28.0 3:02a N 17 11.4 16.9 7:32p 3.7 12:01a 50.1 0.0 0.00 18.3 44.0 4:40a WSW 18 13.0 21.0 11:26a 2.0 9:37p 50.2 0.0 0.00 4.9 29.0 12:34a WSW 19 21.1 28.1 3:49p 0.1 1:31p 42.1 0.0 0.00 14.0 51.0 4:35p SW 20 25.2 37.3 1:19p 7.6 12:00m 38.0 0.0 0.00 11.1 42.0 9:54a WSW 21 4.3 9.5 12:09p 0.7 6:45p 58.4 0.0 0.00 2.3 13.0 12:37p NNE 22 18.6 28.7 2:34p 3.4 12:01a 44.2 0.0 0.00 10.4 38.0 8:43p WSW 23 20.7 28.8 2:33p 1.0 11:09a 42.8 0.0 0.00 11.5 51.0 6:03a WSW 24 21.9 42.5 1:14p -1.0 5:48a 41.2 0.0 0.00 3.9 22.0 11:46a W 25 27.6 31.0 2:23a 23.6 6:48a 36.1 0.0 0.00 10.6 35.0 3:22p WSW 26 31.9 38.6 2:40p 25.7 7:12a 32.2 0.0 0.00 18.0 48.0 1:24p WSW 27 42.0 49.4 1:38p 33.5 12:41a 22.1 0.0 0.00 18.5 51.0 9:41a W 28 30.9 41.6 12:14a 12.4 12:00m 33.0 0.0 0.00 14.4 46.0 11:50p WSW 29 14.9 21.3 5:20p 8.4 6:30a 47.7 0.0 0.00 18.8 58.0 12:01p WSW 30 17.9 26.0 11:57a 0.0 1:33p 44.9 0.0 0.00 9.6 32.0 11:40a WSW 31 18.4 28.5 3:17p 6.1 2:48a 44.0 0.0 0.00 18.8 48.0 5:18p WSW ------------------------------------------------------------------------------------- 20.8 49.4 27 -4.6 16 703.6 0.0 0.00 12.0 58.0 29 WSW Max >= 90.0: 0 Max <= 32.0: 11 Min <= 32.0: 16 Min <= 0.0: 3 Max Rain: 0.00 ON 01/01/08 Days of Rain: 0 (>.01 in) 0 (>.1 in) 0 (>1 in) Heat Base: 65.0 Cool Base: 65.0 Method: Integration

Station affiliations

Weather data published to:,
Weather Underground, Citizen Weather Observer Program, WeatherForYou, AnythingWeather.com

Member of: Weather-Matrix, Weather-Watch.com

Quote from the patron saint of the webmaster, St. Alphonsus Liguori :
"My Jesus, Thou alone art sufficient for me.  My love, do not permit me to separate myself from Thee.  When shall I be able to say, 'My God, I cannot lose thee any more?' "

 ©2007 EstesParkWeather.net and ExceptionalWeather.com. EstesParkWeather.net is part of the ExceptionalWeather Network
Radar/maps © Weather Underground. Used with permission.    Valid XHTML 1.0     Valid CSS
Never base important decisions on this or any weather information obtained from the Internet.