NOAA style reports

Note: Some NOAA reports are not available. For a complete summary of all available archival weather data please this page.

Year to date and all Time Records: Are available on the Live page. Look for the Records push button.

2018: Jan | Feb | Mar | Apr | May | Jun | Jul | Aug | Sep | Oct | Nov | Dec 
2017: Jan | Feb | Mar | Apr | May | Jun | Jul | Aug | Sep | Oct | Nov | Dec 
2016: Jan | Feb | Mar | Apr | May | Jun | Jul | Aug | Sep | Oct | Nov | Dec 
2015: Jan | Feb | Mar | Apr | May | Jun | Jul | Aug | Sep | Oct | Nov | Dec 
2014: Jan | Feb | Mar | Apr | May | Jun | Jul | Aug | Sep | Oct | Nov | Dec 
2013: Jan | Feb | Mar | Apr | May | Jun | Jul | Aug | Sep | Oct | Nov | Dec 
2012: Jan | Feb | Mar | Apr | May | Jun | Jul | Aug | Sep | Oct | Nov | Dec 
2011: Jan | Feb | Mar | Apr | May | Jun | Jul | Aug | Sep | Oct | Nov | Dec 
2010: Jan | Feb | Mar | Apr | May | Jun | Jul | Aug | Sep | Oct | Nov | Dec 
2009: Jan | Feb | Mar | Apr | May | Jun | Jul | Aug | Sep | Oct | Nov | Dec 
 2008: Jan | Feb | Mar | Apr | May | Jun | Jul | Aug | Sep | Oct | Nov | Dec 
2007: Jan | Feb | Mar | Apr | May | Jun | Jul | Aug | Sep | Oct | Nov | Dec 
 2006: Jan | Feb | Mar | Apr | May | Jun | Jul | Aug | Sep | Oct | Nov | Dec 

Report for 2007 11
MONTHLY CLIMATOLOGICAL SUMMARY for NOV. 2007 NAME: EstesPark CITY: Estes Park STATE: CO ELEV: 7700 ft LAT: LONG: TEMPERATURE (F), RAIN (in), WIND SPEED (mph) HEAT COOL AVG MEAN DEG DEG WIND DOM DAY TEMP HIGH TIME LOW TIME DAYS DAYS RAIN SPEED HIGH TIME DIR ------------------------------------------------------------------------------------ 1 46.7 55.0 3:08p 41.2 12:01a 17.7 0.0 0.00 10.1 31.0 10:05a WSW 2 35.0 44.3 12:01a 12.4 5:20a 28.8 0.0 0.00 2.6 29.0 1:55a SSE 3 45.6 57.3 3:58p 18.8 12:44a 19.0 0.0 0.00 12.5 48.0 9:58a WSW 4 51.6 62.4 3:57p 19.2 6:40a 12.9 0.0 0.00 11.9 37.0 4:48a WSW 5 39.2 50.1 12:16a 17.5 12:10p 25.2 0.0 0.00 2.2 25.0 1:01a SE 6 39.8 61.8 3:13p 16.7 5:41a 24.5 0.0 0.00 4.9 26.0 11:51a W 7 50.7 61.8 2:47p 37.2 4:10a 14.0 0.0 0.00 7.8 39.0 11:54a WSW 8 51.4 62.1 1:48p 19.2 6:42a 13.3 0.0 0.00 7.4 36.0 9:23a WSW 9 50.5 60.9 12:00p 37.9 7:32a 14.2 0.0 0.00 5.7 24.0 10:10a WSW 10 47.5 61.3 2:22p 38.6 3:39a 17.0 0.0 0.00 4.8 32.0 12:40p WSW 11 47.3 53.1 1:25p 19.6 7:02a 16.8 0.0 0.00 6.4 43.0 10:45a WSW 12 39.0 50.7 4:20p 16.0 12:20p 25.2 0.0 0.00 3.3 34.0 11:11p WSW 13 50.5 59.3 3:00p 45.7 6:03a 13.6 0.0 0.00 20.6 52.0 6:53a WSW 14 27.8 48.9 12:01a 3.7 12:09p 35.3 0.0 0.00 3.8 27.0 12:47a ENE 15 37.1 58.0 2:39p 10.2 4:46a 25.6 0.0 0.00 6.7 39.0 1:58p WSW 16 47.9 58.6 3:14p 24.0 12:10p 16.2 0.0 0.00 12.8 45.0 10:47a WSW 17 46.4 52.2 1:12p 43.5 8:51a 17.6 0.0 0.00 12.1 35.0 2:12a WSW 18 50.0 57.6 2:22p 45.4 4:47a 14.6 0.0 0.00 13.0 45.0 4:22a WSW 19 54.0 64.2 1:14p 45.1 1:52a 10.8 0.0 0.00 9.7 34.0 12:38p WSW 20 37.4 54.5 10:01a 18.8 11:43p 26.8 0.0 0.00 7.9 41.0 2:30a ENE 21 16.1 25.0 10:56a 5.0 11:53p 47.8 0.0 0.13 2.7 13.0 5:43p NNE 22 11.3 31.0 11:44a -25.8 5:33a 52.0 0.0 0.05 0.9 10.0 2:08p NNE 23 11.2 22.5 12:46p 1.1 11:59p 52.6 0.0 0.00 1.3 12.0 1:24p E 24 20.9 41.2 1:44p -28.4 4:03a 42.6 0.0 0.00 4.0 27.0 9:45p W 25 35.5 46.1 2:57p 20.6 11:44p 28.6 0.0 0.00 7.4 28.0 10:54a WSW 26 30.3 39.3 2:49p 15.9 4:14a 34.0 0.0 0.00 7.5 34.0 1:09p WSW 27 37.3 48.0 12:18p 12.3 6:45a 26.8 0.0 0.00 10.7 54.0 10:01a WSW 28 23.6 33.2 12:01a 20.0 6:41a 40.6 0.0 0.00 10.4 44.0 11:44p WSW 29 31.5 37.6 2:39p 25.3 6:37a 32.5 0.0 0.00 14.1 50.0 2:42a WSW 30 28.7 47.0 12:06p 13.6 5:25a 35.5 0.0 0.00 2.8 29.0 12:46p SSW ------------------------------------------------------------------------------------- 38.1 64.2 19 -28.4 24 782.1 0.0 0.18 7.6 54.0 27 WSW Max >= 90.0: 0 Max <= 32.0: 3 Min <= 32.0: 22 Min <= 0.0: 2 Max Rain: 0.13 ON 11/21/07 Days of Rain: 2 (>.01 in) 1 (>.1 in) 0 (>1 in) Heat Base: 65.0 Cool Base: 65.0 Method: Integration

Station affiliations

Weather data published to:,
Weather Underground, Citizen Weather Observer Program, WeatherForYou, AnythingWeather.com

Member of: Weather-Matrix, Weather-Watch.com

Quote from the patron saint of the webmaster, St. Alphonsus Liguori :
"My Jesus, Thou alone art sufficient for me.  My love, do not permit me to separate myself from Thee.  When shall I be able to say, 'My God, I cannot lose thee any more?' "

 ©2007 EstesParkWeather.net and ExceptionalWeather.com. EstesParkWeather.net is part of the ExceptionalWeather Network
Radar/maps © Weather Underground. Used with permission.    Valid XHTML 1.0     Valid CSS
Never base important decisions on this or any weather information obtained from the Internet.