NOAA style reports

Note: Some NOAA reports are not available. For a complete summary of all available archival weather data please this page.

Year to date and all Time Records: Are available on the Live page. Look for the Records push button.

2018: Jan | Feb | Mar | Apr | May | Jun | Jul | Aug | Sep | Oct | Nov | Dec 
2017: Jan | Feb | Mar | Apr | May | Jun | Jul | Aug | Sep | Oct | Nov | Dec 
2016: Jan | Feb | Mar | Apr | May | Jun | Jul | Aug | Sep | Oct | Nov | Dec 
2015: Jan | Feb | Mar | Apr | May | Jun | Jul | Aug | Sep | Oct | Nov | Dec 
2014: Jan | Feb | Mar | Apr | May | Jun | Jul | Aug | Sep | Oct | Nov | Dec 
2013: Jan | Feb | Mar | Apr | May | Jun | Jul | Aug | Sep | Oct | Nov | Dec 
2012: Jan | Feb | Mar | Apr | May | Jun | Jul | Aug | Sep | Oct | Nov | Dec 
2011: Jan | Feb | Mar | Apr | May | Jun | Jul | Aug | Sep | Oct | Nov | Dec 
2010: Jan | Feb | Mar | Apr | May | Jun | Jul | Aug | Sep | Oct | Nov | Dec 
2009: Jan | Feb | Mar | Apr | May | Jun | Jul | Aug | Sep | Oct | Nov | Dec 
 2008: Jan | Feb | Mar | Apr | May | Jun | Jul | Aug | Sep | Oct | Nov | Dec 
2007: Jan | Feb | Mar | Apr | May | Jun | Jul | Aug | Sep | Oct | Nov | Dec 
 2006: Jan | Feb | Mar | Apr | May | Jun | Jul | Aug | Sep | Oct | Nov | Dec 

Report for 2007 10
MONTHLY CLIMATOLOGICAL SUMMARY for OCT. 2007 NAME: EstesPark CITY: Estes Park STATE: CO ELEV: 7700 ft LAT: LONG: TEMPERATURE (F), RAIN (in), WIND SPEED (mph) HEAT COOL AVG MEAN DEG DEG WIND DOM DAY TEMP HIGH TIME LOW TIME DAYS DAYS RAIN SPEED HIGH TIME DIR ------------------------------------------------------------------------------------ 1 57.0 71.8 2:24p 34.3 12:35a 7.6 0.6 0.00 12.4 38.0 10:19a WSW 2 48.5 59.3 3:09p 19.0 9:03a 15.5 0.0 0.03 11.8 59.0 7:24a WSW 3 56.1 67.6 4:02p 43.1 2:32a 7.5 0.2 0.00 11.6 37.0 1:04p WSW 4 60.2 72.0 2:25p 42.8 12:00m 5.4 1.0 0.00 6.4 32.0 10:31a WSW 5 58.3 70.8 12:47p 17.5 10:35p 7.2 1.0 0.00 5.0 36.0 1:50a WSW 6 57.1 74.9 3:47p 40.5 11:57p 9.4 1.6 0.00 6.7 48.0 10:01p WSW 7 41.1 48.9 4:17p 18.2 10:55a 23.4 0.0 0.00 10.2 35.0 2:03a WSW 8 43.7 59.2 11:50a 37.3 1:19a 10.7 0.0 0.00 15.2 44.0 1:35a WSW 9 10 11 12 13 14 15 16 17 18 35.7 40.6 1:45p 4.0 5:48a 25.0 0.0 0.00 18.1 51.0 3:55p WSW 19 47.4 57.3 3:26p 16.2 5:24a 12.4 0.0 0.00 19.2 61.0 10:00a WSW 20 51.0 64.8 1:25p 31.9 9:38p 13.5 0.0 0.01 13.0 44.0 11:34a WSW 21 27.9 33.5 12:38a 1.3 11:10a 36.3 0.0 0.06 4.4 25.0 2:08p N 22 35.9 51.0 2:42p 14.9 2:24a 28.5 0.0 0.01 10.7 36.0 8:56p WSW 23 49.1 63.9 1:51p 31.0 11:46p 15.4 0.0 0.00 2.8 26.0 12:55a WSW 24 46.4 74.2 1:31p 23.9 6:41a 19.6 1.4 0.00 2.6 24.0 3:43p WSW 25 55.6 71.5 1:52p 24.8 7:50a 10.1 1.1 0.00 4.6 28.0 9:57a WSW 26 38.7 57.5 11:06a 7.8 11:21p 25.6 0.0 0.00 0.7 12.0 2:37p SE 27 35.6 48.5 2:02p 28.5 11:24p 28.1 0.0 0.00 1.0 13.0 1:20p N 28 44.8 64.3 3:14p 27.2 4:08a 19.6 0.0 0.01 4.6 28.0 1:26p WSW 29 43.3 63.9 3:51p 26.6 6:29a 21.1 0.0 0.00 3.8 27.0 11:55a WSW 30 48.7 60.7 12:52p 23.6 7:50a 15.8 0.0 0.00 7.7 36.0 7:23p WSW 31 32.8 41.2 11:59p 8.1 11:10a 31.2 0.0 0.10 0.8 19.0 12:01a SE ------------------------------------------------------------------------------------- 46.1 74.9 6 1.3 21 388.9 6.9 0.22 7.9 61.0 19 WSW Max >= 90.0: 0 Max <= 32.0: 0 Min <= 32.0: 17 Min <= 0.0: 0 Max Rain: 0.10 ON 10/31/07 Days of Rain: 3 (>.01 in) 0 (>.1 in) 0 (>1 in) Heat Base: 65.0 Cool Base: 65.0 Method: Integration

Station affiliations

Weather data published to:,
Weather Underground, Citizen Weather Observer Program, WeatherForYou, AnythingWeather.com

Member of: Weather-Matrix, Weather-Watch.com

Quote from the patron saint of the webmaster, St. Alphonsus Liguori :
"My Jesus, Thou alone art sufficient for me.  My love, do not permit me to separate myself from Thee.  When shall I be able to say, 'My God, I cannot lose thee any more?' "

 ©2007 EstesParkWeather.net and ExceptionalWeather.com. EstesParkWeather.net is part of the ExceptionalWeather Network
Radar/maps © Weather Underground. Used with permission.    Valid XHTML 1.0     Valid CSS
Never base important decisions on this or any weather information obtained from the Internet.