NOAA style reports

Note: Some NOAA reports are not available. For a complete summary of all available archival weather data please this page.

Year to date and all Time Records: Are available on the Live page. Look for the Records push button.

2018: Jan | Feb | Mar | Apr | May | Jun | Jul | Aug | Sep | Oct | Nov | Dec 
2017: Jan | Feb | Mar | Apr | May | Jun | Jul | Aug | Sep | Oct | Nov | Dec 
2016: Jan | Feb | Mar | Apr | May | Jun | Jul | Aug | Sep | Oct | Nov | Dec 
2015: Jan | Feb | Mar | Apr | May | Jun | Jul | Aug | Sep | Oct | Nov | Dec 
2014: Jan | Feb | Mar | Apr | May | Jun | Jul | Aug | Sep | Oct | Nov | Dec 
2013: Jan | Feb | Mar | Apr | May | Jun | Jul | Aug | Sep | Oct | Nov | Dec 
2012: Jan | Feb | Mar | Apr | May | Jun | Jul | Aug | Sep | Oct | Nov | Dec 
2011: Jan | Feb | Mar | Apr | May | Jun | Jul | Aug | Sep | Oct | Nov | Dec 
2010: Jan | Feb | Mar | Apr | May | Jun | Jul | Aug | Sep | Oct | Nov | Dec 
2009: Jan | Feb | Mar | Apr | May | Jun | Jul | Aug | Sep | Oct | Nov | Dec 
 2008: Jan | Feb | Mar | Apr | May | Jun | Jul | Aug | Sep | Oct | Nov | Dec 
2007: Jan | Feb | Mar | Apr | May | Jun | Jul | Aug | Sep | Oct | Nov | Dec 
 2006: Jan | Feb | Mar | Apr | May | Jun | Jul | Aug | Sep | Oct | Nov | Dec 

Report for 2007 09
MONTHLY CLIMATOLOGICAL SUMMARY for SEP. 2007 NAME: EstesPark CITY: Estes Park STATE: CO ELEV: 7700 ft LAT: LONG: TEMPERATURE (F), RAIN (in), WIND SPEED (mph) HEAT COOL AVG MEAN DEG DEG WIND DOM DAY TEMP HIGH TIME LOW TIME DAYS DAYS RAIN SPEED HIGH TIME DIR ------------------------------------------------------------------------------------ 1 62.0 76.5 11:46a 50.1 3:26a 4.9 2.2 0.00 2.2 18.0 8:52a WSW 2 62.1 79.0 11:37a 46.5 3:24a 6.1 3.4 0.00 1.8 27.0 1:26p NNW 3 58.5 77.0 11:51a 47.6 4:27a 6.5 1.0 0.10 1.8 38.0 12:16p W 4 59.7 76.3 11:25a 45.5 6:20a 7.3 2.4 0.04 1.0 22.0 1:11p SSE 5 60.5 73.2 1:03p 45.8 3:56a 5.8 1.8 0.04 3.8 34.0 7:41p WSW 6 58.6 69.9 4:18p 50.2 4:06a 6.7 0.6 0.08 5.1 31.0 2:19p WSW 7 56.9 67.9 3:58p 41.8 6:31a 5.7 0.2 0.01 2.8 31.0 1:30a SSE 8 57.4 72.7 11:54a 19.3 1:03a 0.9 0.1 0.00 2.4 27.0 12:45p SW 9 51.6 63.7 12:49p 22.7 8:21p 8.6 0.0 0.01 1.9 24.0 1:10p SSE 10 46.6 57.5 2:40p 22.6 10:52a 17.8 0.0 0.01 0.7 12.0 3:40p ESE 11 50.7 71.3 2:37p 30.3 6:34a 15.1 1.1 0.02 0.9 17.0 2:17p SSE 12 56.8 76.1 5:03p 35.2 5:05a 10.7 2.8 0.00 4.0 27.0 1:36p WSW 13 51.9 68.8 1:24p 38.9 6:16a 13.0 0.1 0.00 1.3 19.0 1:23p NE 14 49.0 66.1 3:03p 35.9 5:59a 15.5 0.0 0.00 1.3 22.0 2:57p N 15 61.1 77.4 3:12p 41.9 12:19a 6.6 2.8 0.00 5.2 36.0 4:23p WSW 16 55.6 73.7 11:22a 41.9 6:12a 10.1 0.8 0.04 4.2 39.0 1:04p WSW 17 54.2 64.2 1:39p 47.0 8:17a 10.6 0.0 0.01 5.5 27.0 3:18a WSW 18 53.5 65.5 3:21p 22.9 12:12a 11.3 0.0 0.01 6.4 29.0 10:51a SW 19 52.2 69.4 1:47p 33.5 6:43a 13.2 0.7 0.00 1.6 19.0 10:53a SSE 20 58.0 74.6 2:34p 34.9 6:46a 9.1 2.3 0.00 7.7 36.0 10:34a WSW 21 63.1 76.8 2:50p 43.9 11:40p 4.1 2.3 0.00 8.8 36.0 2:32a WSW 22 57.7 77.2 1:37p 37.0 5:36a 10.0 2.9 0.00 3.6 30.0 10:27a SSE 23 53.5 67.1 1:59p 45.8 1:47a 11.3 0.0 0.02 4.8 32.0 8:08p WSW 24 43.6 50.5 2:21p 14.6 9:36p 20.9 0.0 0.09 2.1 21.0 1:50p SW 25 45.1 59.9 5:23p 30.7 6:46a 19.6 0.0 0.19 5.5 33.0 1:09a WSW 26 53.5 66.0 3:32p 35.3 12:04a 11.1 0.0 0.00 10.1 35.0 9:43a WSW 27 51.7 62.1 3:12p 36.5 7:14a 13.0 0.0 0.00 3.5 26.0 12:44a SSE 28 51.1 68.3 4:20p 33.1 5:35a 10.5 0.3 0.00 2.7 31.0 2:34p WSW 29 51.8 63.4 5:02p 40.9 4:58a 10.2 0.0 0.00 5.8 39.0 8:38p WSW 30 45.9 60.5 2:10p 34.9 11:55p 15.2 0.0 0.02 11.8 38.0 7:11a WSW ------------------------------------------------------------------------------------- 54.5 79.0 2 14.6 24 311.4 27.8 0.69 4.0 39.0 16 WSW Max >= 90.0: 0 Max <= 32.0: 0 Min <= 32.0: 7 Min <= 0.0: 0 Max Rain: 0.19 ON 09/25/07 Days of Rain: 10 (>.01 in) 1 (>.1 in) 0 (>1 in) Heat Base: 65.0 Cool Base: 65.0 Method: Integration

Station affiliations

Weather data published to:,
Weather Underground, Citizen Weather Observer Program, WeatherForYou, AnythingWeather.com

Member of: Weather-Matrix, Weather-Watch.com

Quote from the patron saint of the webmaster, St. Alphonsus Liguori :
"My Jesus, Thou alone art sufficient for me.  My love, do not permit me to separate myself from Thee.  When shall I be able to say, 'My God, I cannot lose thee any more?' "

 ©2007 EstesParkWeather.net and ExceptionalWeather.com. EstesParkWeather.net is part of the ExceptionalWeather Network
Radar/maps © Weather Underground. Used with permission.    Valid XHTML 1.0     Valid CSS
Never base important decisions on this or any weather information obtained from the Internet.