NOAA style reports

Note: Some NOAA reports are not available. For a complete summary of all available archival weather data please this page.

Year to date and all Time Records: Are available on the Live page. Look for the Records push button.

2018: Jan | Feb | Mar | Apr | May | Jun | Jul | Aug | Sep | Oct | Nov | Dec 
2017: Jan | Feb | Mar | Apr | May | Jun | Jul | Aug | Sep | Oct | Nov | Dec 
2016: Jan | Feb | Mar | Apr | May | Jun | Jul | Aug | Sep | Oct | Nov | Dec 
2015: Jan | Feb | Mar | Apr | May | Jun | Jul | Aug | Sep | Oct | Nov | Dec 
2014: Jan | Feb | Mar | Apr | May | Jun | Jul | Aug | Sep | Oct | Nov | Dec 
2013: Jan | Feb | Mar | Apr | May | Jun | Jul | Aug | Sep | Oct | Nov | Dec 
2012: Jan | Feb | Mar | Apr | May | Jun | Jul | Aug | Sep | Oct | Nov | Dec 
2011: Jan | Feb | Mar | Apr | May | Jun | Jul | Aug | Sep | Oct | Nov | Dec 
2010: Jan | Feb | Mar | Apr | May | Jun | Jul | Aug | Sep | Oct | Nov | Dec 
2009: Jan | Feb | Mar | Apr | May | Jun | Jul | Aug | Sep | Oct | Nov | Dec 
 2008: Jan | Feb | Mar | Apr | May | Jun | Jul | Aug | Sep | Oct | Nov | Dec 
2007: Jan | Feb | Mar | Apr | May | Jun | Jul | Aug | Sep | Oct | Nov | Dec 
 2006: Jan | Feb | Mar | Apr | May | Jun | Jul | Aug | Sep | Oct | Nov | Dec 

Report for 2007 08
MONTHLY CLIMATOLOGICAL SUMMARY for AUG. 2007 NAME: EstesPark CITY: Estes Park STATE: CO ELEV: 7700 ft LAT: LONG: TEMPERATURE (F), RAIN (in), WIND SPEED (mph) HEAT COOL AVG MEAN DEG DEG WIND DOM DAY TEMP HIGH TIME LOW TIME DAYS DAYS RAIN SPEED HIGH TIME DIR ------------------------------------------------------------------------------------ 1 61.6 79.4 11:24a 48.8 5:50a 4.2 1.9 0.04 1.5 26.0 4:03p ESE 2 58.7 70.8 1:30p 53.2 5:36a 4.8 0.2 0.02 1.0 12.0 12:15p SSE 3 63.9 78.5 4:50p 53.3 5:42a 3.2 2.4 0.02 3.5 26.0 10:28a WSW 4 66.2 77.9 3:39p 55.0 11:58p 1.0 1.8 0.01 3.9 25.0 4:12a WSW 5 62.4 80.3 11:28a 49.8 4:32a 4.7 2.6 0.01 1.3 17.0 1:48p WSW 6 64.7 74.6 2:17p 55.6 2:53a 1.7 1.5 0.21 4.3 22.0 8:18a WSW 7 57.6 73.0 10:22a 50.2 2:56a 4.8 0.4 0.13 1.4 19.0 3:19p WSW 8 65.7 79.8 1:52p 50.5 12:01a 3.3 4.0 0.01 3.7 29.0 4:15p SW 9 64.4 81.1 12:58p 44.8 6:03a 4.6 4.1 0.00 2.1 21.0 10:24a SSE 10 67.6 83.6 3:02p 49.4 3:19a 3.6 5.6 0.00 5.8 30.0 7:50a WSW 11 62.9 81.8 12:18p 44.2 5:03a 4.9 3.4 0.00 1.8 18.0 12:31p SSE 12 64.3 83.0 11:46a 48.8 5:57a 4.3 3.8 0.00 1.2 16.0 11:46a SSE 13 68.6 87.2 11:55a 49.1 5:50a 3.4 6.2 0.01 1.5 33.0 1:21p WSW 14 63.3 82.8 11:41a 51.8 1:13p 4.3 2.8 0.05 2.6 28.0 6:28p WSW 15 59.6 73.2 11:54a 51.9 1:35a 5.4 0.9 0.11 1.5 24.0 1:21p WSW 16 63.0 78.1 2:06p 46.2 5:36a 4.6 3.1 0.00 1.4 18.0 3:03p SSE 17 64.7 81.6 11:37a 49.1 5:49a 4.4 4.1 0.00 3.2 37.0 4:36p WSW 18 65.5 80.1 11:37a 54.5 11:45p 2.2 2.6 0.29 4.5 29.0 3:09p WSW 19 63.8 80.7 1:02p 49.1 4:32a 4.6 3.6 0.00 3.5 39.0 2:52p SW 20 70.7 83.0 4:09p 52.5 11:59p 1.6 5.9 0.00 3.9 29.0 1:37p WSW 21 67.8 85.7 4:22p 44.5 4:41a 4.9 7.5 0.00 4.6 27.0 12:35p SW 22 62.0 78.8 1:43p 44.5 6:17a 5.8 3.2 0.01 1.3 17.0 10:27a SSE 23 57.2 68.4 11:16a 50.1 6:03a 7.1 0.1 0.02 1.9 27.0 12:33a SSE 24 61.9 76.5 3:30p 25.2 12:10a 5.8 2.7 0.05 4.8 27.0 12:36p WSW 25 64.3 83.8 3:10p 23.8 2:47a 7.0 6.3 0.00 3.4 32.0 1:39p W 26 63.5 84.0 11:53a 43.6 6:02a 6.6 5.1 0.01 2.6 33.0 12:28p SW 27 63.6 75.8 10:42a 52.2 1:30a 2.8 1.5 0.03 4.0 31.0 7:04a WSW 28 61.0 76.3 10:55a 46.4 4:31p 5.9 2.2 0.26 2.7 32.0 3:58p WSW 29 56.5 72.0 1:03p 43.8 5:09a 9.2 0.9 0.36 1.5 16.0 7:18p N 30 60.4 77.4 1:46p 42.3 5:45a 7.6 3.4 0.00 0.8 17.0 2:16p SSE 31 60.4 81.8 11:17a 44.3 5:38a 5.7 1.8 0.05 1.9 37.0 12:13p WSW ------------------------------------------------------------------------------------- 63.2 87.2 13 23.8 25 144.0 95.6 1.70 2.7 39.0 19 WSW Max >= 90.0: 0 Max <= 32.0: 0 Min <= 32.0: 2 Min <= 0.0: 0 Max Rain: 0.36 ON 08/29/07 Days of Rain: 14 (>.01 in) 6 (>.1 in) 0 (>1 in) Heat Base: 65.0 Cool Base: 65.0 Method: Integration

Station affiliations

Weather data published to:,
Weather Underground, Citizen Weather Observer Program, WeatherForYou, AnythingWeather.com

Member of: Weather-Matrix, Weather-Watch.com

Quote from the patron saint of the webmaster, St. Alphonsus Liguori :
"My Jesus, Thou alone art sufficient for me.  My love, do not permit me to separate myself from Thee.  When shall I be able to say, 'My God, I cannot lose thee any more?' "

 ©2007 EstesParkWeather.net and ExceptionalWeather.com. EstesParkWeather.net is part of the ExceptionalWeather Network
Radar/maps © Weather Underground. Used with permission.    Valid XHTML 1.0     Valid CSS
Never base important decisions on this or any weather information obtained from the Internet.