NOAA style reports

Note: Some NOAA reports are not available. For a complete summary of all available archival weather data please this page.

Year to date and all Time Records: Are available on the Live page. Look for the Records push button.

2018: Jan | Feb | Mar | Apr | May | Jun | Jul | Aug | Sep | Oct | Nov | Dec 
2017: Jan | Feb | Mar | Apr | May | Jun | Jul | Aug | Sep | Oct | Nov | Dec 
2016: Jan | Feb | Mar | Apr | May | Jun | Jul | Aug | Sep | Oct | Nov | Dec 
2015: Jan | Feb | Mar | Apr | May | Jun | Jul | Aug | Sep | Oct | Nov | Dec 
2014: Jan | Feb | Mar | Apr | May | Jun | Jul | Aug | Sep | Oct | Nov | Dec 
2013: Jan | Feb | Mar | Apr | May | Jun | Jul | Aug | Sep | Oct | Nov | Dec 
2012: Jan | Feb | Mar | Apr | May | Jun | Jul | Aug | Sep | Oct | Nov | Dec 
2011: Jan | Feb | Mar | Apr | May | Jun | Jul | Aug | Sep | Oct | Nov | Dec 
2010: Jan | Feb | Mar | Apr | May | Jun | Jul | Aug | Sep | Oct | Nov | Dec 
2009: Jan | Feb | Mar | Apr | May | Jun | Jul | Aug | Sep | Oct | Nov | Dec 
 2008: Jan | Feb | Mar | Apr | May | Jun | Jul | Aug | Sep | Oct | Nov | Dec 
2007: Jan | Feb | Mar | Apr | May | Jun | Jul | Aug | Sep | Oct | Nov | Dec 
 2006: Jan | Feb | Mar | Apr | May | Jun | Jul | Aug | Sep | Oct | Nov | Dec 

Report for 2007 06
MONTHLY CLIMATOLOGICAL SUMMARY for JUN. 2007 NAME: EstesPark CITY: Estes Park STATE: CO ELEV: 7700 ft LAT: LONG: TEMPERATURE (F), RAIN (in), WIND SPEED (mph) HEAT COOL AVG MEAN DEG DEG WIND DOM DAY TEMP HIGH TIME LOW TIME DAYS DAYS RAIN SPEED HIGH TIME DIR ------------------------------------------------------------------------------------ 1 48.3 57.5 3:36p 38.5 3:25a 16.4 0.0 0.00 3.5 25.0 1:32p W 2 50.5 64.7 3:17p 38.8 5:46a 14.0 0.0 0.33 3.5 22.0 7:44p N 3 48.8 62.6 11:29a 25.5 1:16p 15.6 0.0 0.39 2.8 27.0 8:26p W 4 50.6 64.0 2:55p 37.6 3:45a 13.9 0.0 0.01 1.8 27.0 12:31p N 5 54.9 73.3 12:59p 37.6 5:35a 10.8 0.8 0.00 3.0 20.0 1:00p WSW 6 49.3 66.8 9:02a 36.6 10:09p 15.2 0.1 0.01 10.6 57.0 9:21p WSW 7 42.8 49.5 3:59p 19.5 1:16p 21.8 0.0 0.00 17.1 58.0 5:36a WSW 8 46.4 63.5 4:10p 26.1 5:30a 17.9 0.0 0.00 3.4 29.0 4:00p N 9 53.2 70.1 11:32a 31.9 5:11a 12.2 0.6 0.00 2.1 22.0 11:05a W 10 58.8 76.0 4:06p 36.2 5:41a 9.1 3.1 0.00 3.7 31.0 2:38p W 11 60.0 77.4 12:15p 39.5 5:21a 7.9 2.9 0.00 3.2 35.0 11:59a WNW 12 53.5 59.3 1:04a 46.0 12:00m 11.1 0.0 0.16 2.5 28.0 7:24p NNW 13 54.0 66.9 12:33p 39.2 5:22a 10.9 0.1 0.00 4.4 30.0 9:53a N 14 56.2 74.2 12:30p 34.6 5:46a 10.4 1.9 0.00 2.2 22.0 11:39a NNW 15 60.8 77.7 12:13p 40.9 5:45a 7.7 3.7 0.00 2.1 25.0 1:08p NW 16 63.6 82.2 11:19a 43.2 5:41a 6.0 4.7 0.00 2.7 27.0 12:09p WNW 17 75.5 83.0 2:29p 53.2 10:51a 0.1 7.3 0.00 13.1 38.0 2:59p SW 18 62.8 76.0 4:19p 45.4 4:49a 4.8 2.6 0.00 6.8 32.0 3:15p WSW 19 67.4 81.8 5:12p 51.4 12:03p 2.8 5.2 0.00 6.1 37.0 2:35p WSW 20 65.0 84.0 1:23p 16.5 5:14a 6.3 6.3 0.00 2.9 25.0 1:26p W 21 66.2 84.5 11:05a 46.7 4:57a 5.3 6.4 0.00 3.4 29.0 2:52p NW 22 59.5 75.1 9:22a 44.1 5:26a 7.0 1.7 0.04 4.1 38.0 5:32p N 23 63.9 81.8 3:05p 21.1 12:12a 7.3 6.2 0.00 2.7 18.0 12:11p SE 24 68.1 88.2 3:36p 44.5 5:33a 5.3 8.3 0.00 4.2 26.0 12:51p NW 25 69.9 87.0 2:24p 45.7 4:54a 4.4 9.2 0.00 6.3 32.0 11:56a WSW 26 58.5 73.5 8:48a 49.1 6:04a 6.6 0.3 0.01 2.5 27.0 9:30a N 27 58.6 68.9 11:48a 46.1 5:43a 6.4 0.2 0.00 2.2 20.0 4:23p W 28 59.1 75.1 11:59a 45.7 5:37a 6.6 0.8 0.03 3.0 19.0 4:16p W 29 61.9 80.3 11:41a 40.9 5:06a 7.4 4.4 0.00 2.1 22.0 3:47p N 30 67.3 85.5 11:48a 46.0 3:12a 5.1 7.4 0.00 1.5 25.0 2:52p SSE ------------------------------------------------------------------------------------- 58.5 88.2 24 16.5 20 276.3 84.2 0.98 4.3 58.0 7 W Max >= 90.0: 0 Max <= 32.0: 0 Min <= 32.0: 6 Min <= 0.0: 0 Max Rain: 0.39 ON 06/03/07 Days of Rain: 5 (>.01 in) 3 (>.1 in) 0 (>1 in) Heat Base: 65.0 Cool Base: 65.0 Method: Integration

Station affiliations

Weather data published to:,
Weather Underground, Citizen Weather Observer Program, WeatherForYou, AnythingWeather.com

Member of: Weather-Matrix, Weather-Watch.com

Quote from the patron saint of the webmaster, St. Alphonsus Liguori :
"My Jesus, Thou alone art sufficient for me.  My love, do not permit me to separate myself from Thee.  When shall I be able to say, 'My God, I cannot lose thee any more?' "

 ©2007 EstesParkWeather.net and ExceptionalWeather.com. EstesParkWeather.net is part of the ExceptionalWeather Network
Radar/maps © Weather Underground. Used with permission.    Valid XHTML 1.0     Valid CSS
Never base important decisions on this or any weather information obtained from the Internet.