NOAA style reports

Note: Some NOAA reports are not available. For a complete summary of all available archival weather data please this page.

Year to date and all Time Records: Are available on the Live page. Look for the Records push button.

2018: Jan | Feb | Mar | Apr | May | Jun | Jul | Aug | Sep | Oct | Nov | Dec 
2017: Jan | Feb | Mar | Apr | May | Jun | Jul | Aug | Sep | Oct | Nov | Dec 
2016: Jan | Feb | Mar | Apr | May | Jun | Jul | Aug | Sep | Oct | Nov | Dec 
2015: Jan | Feb | Mar | Apr | May | Jun | Jul | Aug | Sep | Oct | Nov | Dec 
2014: Jan | Feb | Mar | Apr | May | Jun | Jul | Aug | Sep | Oct | Nov | Dec 
2013: Jan | Feb | Mar | Apr | May | Jun | Jul | Aug | Sep | Oct | Nov | Dec 
2012: Jan | Feb | Mar | Apr | May | Jun | Jul | Aug | Sep | Oct | Nov | Dec 
2011: Jan | Feb | Mar | Apr | May | Jun | Jul | Aug | Sep | Oct | Nov | Dec 
2010: Jan | Feb | Mar | Apr | May | Jun | Jul | Aug | Sep | Oct | Nov | Dec 
2009: Jan | Feb | Mar | Apr | May | Jun | Jul | Aug | Sep | Oct | Nov | Dec 
 2008: Jan | Feb | Mar | Apr | May | Jun | Jul | Aug | Sep | Oct | Nov | Dec 
2007: Jan | Feb | Mar | Apr | May | Jun | Jul | Aug | Sep | Oct | Nov | Dec 
 2006: Jan | Feb | Mar | Apr | May | Jun | Jul | Aug | Sep | Oct | Nov | Dec 

Report for 2007 05
MONTHLY CLIMATOLOGICAL SUMMARY for MAY. 2007 NAME: EstesPark CITY: Estes Park STATE: CO ELEV: 7700 ft LAT: LONG: TEMPERATURE (F), RAIN (in), WIND SPEED (mph) HEAT COOL AVG MEAN DEG DEG WIND DOM DAY TEMP HIGH TIME LOW TIME DAYS DAYS RAIN SPEED HIGH TIME DIR ------------------------------------------------------------------------------------ 1 48.3 60.7 11:16a 36.0 6:20a 16.1 0.0 0.00 2.6 17.0 6:19p NW 2 45.6 59.3 11:34a 32.5 5:41a 19.0 0.0 0.12 1.9 16.0 2:45p N 3 47.2 62.9 11:45a 35.5 5:53a 17.4 0.0 0.01 7.1 37.0 6:31p WSW 4 36.9 42.5 1:27p 10.0 11:22a 27.5 0.0 0.04 5.0 41.0 2:04a WSW 5 36.5 49.2 4:07p 31.8 6:29a 27.2 0.0 0.38 3.6 27.0 3:20p SSW 6 35.0 43.9 10:35a 13.6 11:22a 29.1 0.0 0.45 3.4 18.0 7:21a NW 7 37.0 46.4 3:29p 30.6 11:45p 27.3 0.0 0.02 1.9 17.0 3:25p NW 8 44.2 59.8 3:18p 25.3 4:43a 20.5 0.0 0.01 1.9 19.0 12:22p ESE 9 46.8 65.2 3:28p 28.2 5:52a 12.7 0.0 0.00 2.4 20.0 1:42p WSW 10 11 12 13 14 15 16 17 18 53.9 66.0 2:32p 45.1 11:42p 2.9 0.0 0.00 5.0 30.0 6:59p WSW 19 53.2 69.1 9:48a 37.9 5:50a 11.6 0.2 0.00 3.4 30.0 4:05p WSW 20 53.2 68.4 10:04a 37.3 5:39a 11.7 0.1 0.03 2.7 38.0 10:16a WNW 21 56.7 69.4 1:20p 42.1 1:37a 8.4 0.2 0.01 6.6 35.0 1:30p WSW 22 42.5 48.3 7:19a 35.0 12:00m 22.1 0.0 0.00 8.9 35.0 5:48a WSW 23 37.8 51.0 1:13p 29.1 3:57a 26.7 0.0 0.07 4.9 26.0 9:34a WSW 24 41.3 53.9 2:57p 26.4 5:47a 23.3 0.0 0.13 2.4 18.0 2:38p WSW 25 49.1 66.8 4:12p 29.1 5:09a 15.6 0.1 0.00 4.8 30.0 1:15p WNW 26 45.7 65.0 11:00a 33.7 5:45a 9.9 0.0 0.00 2.7 22.0 10:34a N 27 28 63.0 75.4 1:56p 42.9 6:32a 3.0 1.6 0.00 6.6 32.0 4:16p WSW 29 46.5 56.5 7:52a 35.8 12:00m 18.1 0.0 0.06 5.5 36.0 12:16p WSW 30 43.9 59.0 5:50p 29.5 4:57a 20.7 0.0 0.00 4.2 28.0 3:30p W 31 49.7 63.1 2:52p 32.8 5:27a 15.0 0.0 0.00 7.0 44.0 10:39a WSW ------------------------------------------------------------------------------------- 46.1 75.4 28 10.0 4 385.8 2.2 1.33 4.3 44.0 31 WSW Max >= 90.0: 0 Max <= 32.0: 0 Min <= 32.0: 10 Min <= 0.0: 0 Max Rain: 0.45 ON 05/06/07 Days of Rain: 9 (>.01 in) 4 (>.1 in) 0 (>1 in) Heat Base: 65.0 Cool Base: 65.0 Method: Integration

Station affiliations

Weather data published to:,
Weather Underground, Citizen Weather Observer Program, WeatherForYou, AnythingWeather.com

Member of: Weather-Matrix, Weather-Watch.com

Quote from the patron saint of the webmaster, St. Alphonsus Liguori :
"My Jesus, Thou alone art sufficient for me.  My love, do not permit me to separate myself from Thee.  When shall I be able to say, 'My God, I cannot lose thee any more?' "

 ©2007 EstesParkWeather.net and ExceptionalWeather.com. EstesParkWeather.net is part of the ExceptionalWeather Network
Radar/maps © Weather Underground. Used with permission.    Valid XHTML 1.0     Valid CSS
Never base important decisions on this or any weather information obtained from the Internet.