NOAA style reports

Note: Some NOAA reports are not available. For a complete summary of all available archival weather data please this page.

Year to date and all Time Records: Are available on the Live page. Look for the Records push button.

2018: Jan | Feb | Mar | Apr | May | Jun | Jul | Aug | Sep | Oct | Nov | Dec 
2017: Jan | Feb | Mar | Apr | May | Jun | Jul | Aug | Sep | Oct | Nov | Dec 
2016: Jan | Feb | Mar | Apr | May | Jun | Jul | Aug | Sep | Oct | Nov | Dec 
2015: Jan | Feb | Mar | Apr | May | Jun | Jul | Aug | Sep | Oct | Nov | Dec 
2014: Jan | Feb | Mar | Apr | May | Jun | Jul | Aug | Sep | Oct | Nov | Dec 
2013: Jan | Feb | Mar | Apr | May | Jun | Jul | Aug | Sep | Oct | Nov | Dec 
2012: Jan | Feb | Mar | Apr | May | Jun | Jul | Aug | Sep | Oct | Nov | Dec 
2011: Jan | Feb | Mar | Apr | May | Jun | Jul | Aug | Sep | Oct | Nov | Dec 
2010: Jan | Feb | Mar | Apr | May | Jun | Jul | Aug | Sep | Oct | Nov | Dec 
2009: Jan | Feb | Mar | Apr | May | Jun | Jul | Aug | Sep | Oct | Nov | Dec 
 2008: Jan | Feb | Mar | Apr | May | Jun | Jul | Aug | Sep | Oct | Nov | Dec 
2007: Jan | Feb | Mar | Apr | May | Jun | Jul | Aug | Sep | Oct | Nov | Dec 
 2006: Jan | Feb | Mar | Apr | May | Jun | Jul | Aug | Sep | Oct | Nov | Dec 

Report for 2007 04
MONTHLY CLIMATOLOGICAL SUMMARY for APR. 2007 NAME: EstesPark CITY: Estes Park STATE: CO ELEV: 7700 ft LAT: LONG: TEMPERATURE (F), RAIN (in), WIND SPEED (mph) HEAT COOL AVG MEAN DEG DEG WIND DOM DAY TEMP HIGH TIME LOW TIME DAYS DAYS RAIN SPEED HIGH TIME DIR ------------------------------------------------------------------------------------ 1 45.5 55.1 5:57p 39.3 3:38a 15.1 0.0 0.00 10.2 40.0 1:30a SW 2 47.9 60.9 1:48p 34.3 6:46a 13.0 0.0 0.00 8.7 44.0 2:11p WSW 3 43.4 55.3 3:39p 32.9 11:53p 17.5 0.0 0.00 11.0 51.0 9:57a WSW 4 34.9 57.5 3:29p 17.0 11:26a 37.7 0.0 0.00 4.2 27.0 3:14p N 5 39.7 51.3 3:23p 30.0 11:51p 24.0 0.0 0.01 5.7 34.0 6:49a ENE 6 23.5 30.0 12:01a 18.8 6:50p 39.4 0.0 0.00 3.6 16.0 12:35p ENE 7 19.0 20.8 2:17p 17.0 11:18p 43.6 0.0 0.00 3.3 11.0 11:43a ENE 8 28.2 39.9 3:19p 3.8 11:24a 35.5 0.0 0.02 1.1 12.0 2:11p NE 9 42.2 57.6 3:31p 24.8 6:34a 22.0 0.0 0.04 7.9 44.0 7:55p WSW 10 30.6 40.8 1:30a 4.0 11:24a 33.6 0.0 0.04 9.7 42.0 9:43a W 11 28.2 37.8 3:18p 21.3 11:41p 35.0 0.0 0.00 10.9 42.0 8:25a WSW 12 26.6 37.6 1:38p 6.8 11:24a 36.9 0.0 0.00 3.5 21.0 11:48a ENE 13 29.3 39.3 1:06p 20.5 11:54p 34.4 0.0 0.00 3.8 28.0 12:44p ENE 14 37.3 58.9 4:18p 15.6 5:18a 26.3 0.0 0.00 4.2 27.0 9:25a W 15 44.2 62.1 1:04p 25.8 2:34a 19.9 0.0 0.00 2.2 17.0 5:02p NNW 16 42.1 50.1 10:20a 32.5 11:48p 21.7 0.0 0.08 4.3 22.0 9:11a ENE 17 37.6 47.9 11:40a 32.5 12:01a 26.8 0.0 0.63 1.9 17.0 1:27p SW 18 42.9 56.3 3:00p 27.6 6:29a 21.3 0.0 0.00 2.5 27.0 11:58p N 19 37.4 49.1 5:39p 26.6 11:55p 26.2 0.0 0.05 12.6 49.0 6:46a WSW 20 41.8 58.7 2:02p 21.1 5:48a 22.5 0.0 0.00 2.9 19.0 1:47p SE 21 43.0 53.2 11:52a 33.1 2:19a 21.0 0.0 0.00 3.6 19.0 3:34p WSW 22 43.2 52.2 2:59p 35.5 12:51a 21.0 0.0 0.02 5.1 24.0 11:43a WSW 23 39.7 47.6 9:45a 36.3 5:52a 24.9 0.0 0.22 2.2 18.0 6:09p N 24 35.5 39.5 3:11p 32.5 6:51p 28.8 0.0 0.06 6.1 33.0 12:28p N 25 37.7 50.7 12:06p 26.3 6:20a 26.9 0.0 0.01 3.0 29.0 10:54a ESE 26 43.5 59.9 2:58p 26.3 4:37a 21.0 0.0 0.01 5.3 32.0 4:31p W 27 46.4 61.0 2:27p 34.9 6:24a 17.8 0.0 0.00 3.7 27.0 10:02a ENE 28 52.2 68.1 11:36a 33.8 2:56a 12.7 0.3 0.00 2.2 17.0 11:39a ESE 29 55.7 73.5 1:46p 35.6 5:34a 10.9 1.7 0.00 4.4 26.0 11:14a W 30 54.4 71.3 12:24p 24.2 5:54a 10.9 0.8 0.05 3.8 32.0 11:06a NW ------------------------------------------------------------------------------------- 39.1 73.5 29 3.8 8 748.3 2.8 1.24 5.1 51.0 3 WSW Max >= 90.0: 0 Max <= 32.0: 2 Min <= 32.0: 18 Min <= 0.0: 0 Max Rain: 0.63 ON 04/17/07 Days of Rain: 10 (>.01 in) 2 (>.1 in) 0 (>1 in) Heat Base: 65.0 Cool Base: 65.0 Method: Integration

Station affiliations

Weather data published to:,
Weather Underground, Citizen Weather Observer Program, WeatherForYou, AnythingWeather.com

Member of: Weather-Matrix, Weather-Watch.com

Quote from the patron saint of the webmaster, St. Alphonsus Liguori :
"My Jesus, Thou alone art sufficient for me.  My love, do not permit me to separate myself from Thee.  When shall I be able to say, 'My God, I cannot lose thee any more?' "

 ©2007 EstesParkWeather.net and ExceptionalWeather.com. EstesParkWeather.net is part of the ExceptionalWeather Network
Radar/maps © Weather Underground. Used with permission.    Valid XHTML 1.0     Valid CSS
Never base important decisions on this or any weather information obtained from the Internet.