NOAA style reports

Note: Some NOAA reports are not available. For a complete summary of all available archival weather data please this page.

Year to date and all Time Records: Are available on the Live page. Look for the Records push button.

2018: Jan | Feb | Mar | Apr | May | Jun | Jul | Aug | Sep | Oct | Nov | Dec 
2017: Jan | Feb | Mar | Apr | May | Jun | Jul | Aug | Sep | Oct | Nov | Dec 
2016: Jan | Feb | Mar | Apr | May | Jun | Jul | Aug | Sep | Oct | Nov | Dec 
2015: Jan | Feb | Mar | Apr | May | Jun | Jul | Aug | Sep | Oct | Nov | Dec 
2014: Jan | Feb | Mar | Apr | May | Jun | Jul | Aug | Sep | Oct | Nov | Dec 
2013: Jan | Feb | Mar | Apr | May | Jun | Jul | Aug | Sep | Oct | Nov | Dec 
2012: Jan | Feb | Mar | Apr | May | Jun | Jul | Aug | Sep | Oct | Nov | Dec 
2011: Jan | Feb | Mar | Apr | May | Jun | Jul | Aug | Sep | Oct | Nov | Dec 
2010: Jan | Feb | Mar | Apr | May | Jun | Jul | Aug | Sep | Oct | Nov | Dec 
2009: Jan | Feb | Mar | Apr | May | Jun | Jul | Aug | Sep | Oct | Nov | Dec 
 2008: Jan | Feb | Mar | Apr | May | Jun | Jul | Aug | Sep | Oct | Nov | Dec 
2007: Jan | Feb | Mar | Apr | May | Jun | Jul | Aug | Sep | Oct | Nov | Dec 
 2006: Jan | Feb | Mar | Apr | May | Jun | Jul | Aug | Sep | Oct | Nov | Dec 

Report for 2007 03
MONTHLY CLIMATOLOGICAL SUMMARY for MAR. 2007 NAME: Truta's EstesParkWeather.net CITY: Estes Park STATE: Colorado ELEV: 7700 LAT: 040:23:00 LONG: 0105:29:00 TEMPERATURE ( F), RAIN (in.), WIND SPEED (mph) HEAT COOL AVG MEAN DEG DEG WIND DOM DAY TEMP HIGH TIME LOW TIME DAYS DAYS RAIN SPEED HIGH TIME DIR ------------------------------------------------------------------------------------------------------ 01 15.8 21.0 13:32p 09.3 01:34a 49.2 00.0 00.00 09.8 40.3 21:07p W 02 14.1 20.3 13:34p 10.7 07:16a 50.9 00.0 00.00 07.3 34.5 12:08p W 03 23.9 31.0 15:11p 12.6 02:00a 41.1 00.0 00.00 10.0 34.5 12:25p WSW 04 33.4 54.4 15:41p 14.6 06:27a 31.6 00.0 00.00 02.6 19.6 13:53p WNW 05 43.1 56.3 13:19p 25.6 23:56p 21.9 00.0 00.00 07.7 28.8 11:59a WSW 06 38.0 54.8 14:26p 24.7 04:09a 27.0 00.0 00.00 03.6 21.9 09:45 WSW 07 38.2 54.1 14:12p 24.2 06:47a 26.8 00.0 00.00 05.5 27.6 15:14p WSW 08 39.0 48.0 12:45p 26.6 00:26a 26.0 00.0 00.00 08.9 33.4 20:39p WSW 09 40.4 51.7 14:52p 30.9 05:18a 24.6 00.0 00.00 09.9 38.0 00:53 WSW 10 34.4 41.2 13:58p 27.8 00:00a 30.6 00.0 00.06 01.5 19.6 14:30p NNW 11 36.9 55.8 15:09p 18.0 06:25a 28.1 00.0 00.10 02.4 19.6 17:23 W 12 45.3 65.0 15:58p 28.4 07:45a 19.7 00.0 00.00 01.7 12.7 12:37p NNE 13 47.8 65.2 15:28p 27.8 07:48a 17.2 00.0 00.00 06.2 27.6 11:34a WSW 14 50.7 59.6 14:49p 39.1 07:53a 14.3 00.0 00.00 12.4 39.1 19:01p WSW 15 33.1 45.5 01:19a 22.7 00:00a 31.9 00.0 00.00 07.2 42.6 01:51a N 16 45.4 58.2 15:22p 21.9 01:17a 19.6 00.0 00.00 11.8 39.1 15:56p WSW 17 53.3 64.3 14:15p 38.0 00:00a 11.7 00.0 00.00 10.9 38.0 08:32a WSW 18 51.9 65.8 16:15p 37.3 03:18a 13.1 00.0 00.00 05.4 32.2 13:03p W 19 43.3 55.1 16:15p 27.9 07:12a 21.7 00.0 00.00 02.0 16.1 01:20a SE 20 47.7 62.3 14:52p 30.4 03:06a 17.3 00.0 00.00 07.4 34.5 13:24p WSW 21 47.5 54.2 12:26p 34.6 00:00a 17.5 00.0 00.00 08.0 40.3 15:35p SW 22 43.4 61.2 12:13p 29.0 04:22a 21.6 00.0 00.00 03.0 26.5 16:38p N 23 40.2 57.3 13:29p 27.5 07:17a 24.8 00.0 00.34 02.5 21.9 16:00p SW 24 34.8 37.2 16:16p 32.9 09:51a 30.2 00.0 00.50 01.7 16.1 14:26p NW 25 47.1 55.9 15:46p 33.5 00:01a 17.9 00.0 00.15 11.9 34.5 10:51a WSW 26 45.3 55.4 10:06a 36.9 07:19a 19.7 00.0 00.08 05.0 26.5 11:13a W 27 43.9 51.3 15:16p 36.6 07:15a 21.1 00.0 00.02 02.5 19.6 17:19p ENE 28 43.1 50.8 16:00p 32.5 23:45p 21.9 00.0 00.00 06.5 32.2 11:20a S 29 27.3 37.3 13:50p 21.1 23:49p 37.7 00.0 00.12 04.4 26.5 12:59p ENE 30 26.3 38.5 12:10p 17.3 02:35a 38.7 00.0 00.01 02.1 24.2 14:15p ENE 31 37.0 47.9 15:48p 23.8 00:04a 28.0 00.0 00.00 14.1 41.4 20:25p WSW ------------------------------------------------------------------------------------------------------- 39.1 (38.7) 65.8 day 18 09.3 day 01 803.4 0.0 1.39 6.3 29.3 day 15 WSW Max <= 32.0: 3 Min <= 32.0: 22 Max <= 23.0: 2 Min <= 23.0: 9 Max Rain: 0.50 ON 25-03-07 Days of Rain: 9 (> .008in) 5 (> .08in) 0 (> 0.8in)

Station affiliations

Weather data published to:,
Weather Underground, Citizen Weather Observer Program, WeatherForYou, AnythingWeather.com

Member of: Weather-Matrix, Weather-Watch.com

Quote from the patron saint of the webmaster, St. Alphonsus Liguori :
"My Jesus, Thou alone art sufficient for me.  My love, do not permit me to separate myself from Thee.  When shall I be able to say, 'My God, I cannot lose thee any more?' "

 ©2007 EstesParkWeather.net and ExceptionalWeather.com. EstesParkWeather.net is part of the ExceptionalWeather Network
Radar/maps © Weather Underground. Used with permission.    Valid XHTML 1.0     Valid CSS
Never base important decisions on this or any weather information obtained from the Internet.