NOAA style reports

Note: Some NOAA reports are not available. For a complete summary of all available archival weather data please this page.

Year to date and all Time Records: Are available on the Live page. Look for the Records push button.

2018: Jan | Feb | Mar | Apr | May | Jun | Jul | Aug | Sep | Oct | Nov | Dec 
2017: Jan | Feb | Mar | Apr | May | Jun | Jul | Aug | Sep | Oct | Nov | Dec 
2016: Jan | Feb | Mar | Apr | May | Jun | Jul | Aug | Sep | Oct | Nov | Dec 
2015: Jan | Feb | Mar | Apr | May | Jun | Jul | Aug | Sep | Oct | Nov | Dec 
2014: Jan | Feb | Mar | Apr | May | Jun | Jul | Aug | Sep | Oct | Nov | Dec 
2013: Jan | Feb | Mar | Apr | May | Jun | Jul | Aug | Sep | Oct | Nov | Dec 
2012: Jan | Feb | Mar | Apr | May | Jun | Jul | Aug | Sep | Oct | Nov | Dec 
2011: Jan | Feb | Mar | Apr | May | Jun | Jul | Aug | Sep | Oct | Nov | Dec 
2010: Jan | Feb | Mar | Apr | May | Jun | Jul | Aug | Sep | Oct | Nov | Dec 
2009: Jan | Feb | Mar | Apr | May | Jun | Jul | Aug | Sep | Oct | Nov | Dec 
 2008: Jan | Feb | Mar | Apr | May | Jun | Jul | Aug | Sep | Oct | Nov | Dec 
2007: Jan | Feb | Mar | Apr | May | Jun | Jul | Aug | Sep | Oct | Nov | Dec 
 2006: Jan | Feb | Mar | Apr | May | Jun | Jul | Aug | Sep | Oct | Nov | Dec 

Report for 2007 02
MONTHLY CLIMATOLOGICAL SUMMARY FOR 2/2007 HEAT COOL MEAN DEG DEG WIND SPEED DOM MEAN MEAN DAY TEMP HIGH TIME LOW TIME DAYS DAYS RAIN AVG HI TIME DIR BAROM HUM --------------------------------------------------------------------------------------- 1 4.3 16.1 1:19pm -10.2 1:54am 61 0 0.00 5 18 4:14pm N 30.14 62 2 9.1 16.9 8:10pm -8.8 1:52am 56 0 0.01 14 33 8:44am W 30.12 46 3 25.6 32.9 2:47pm 14.3 12:00am 39 0 0.00 19 35 7:50am W 30.04 39 4 35.4 41.9 3:28pm 29.3 12:20am 30 0 0.00 18 41 9:33am WSW 30.19 37 5 41.6 47.7 3:45pm 35.2 12:00am 23 0 0.00 18 35 8:47pm SW 30.22 43 6 46.4 56.2 1:49pm 38.3 10:07pm 19 0 0.00 12 33 5:59am SW 29.99 38 7 43.6 52.6 2:22pm 31.9 11:38pm 21 0 0.00 9 23 6:24am WSW 29.95 39 8 38.0 49.1 11:39am 24.1 3:49am 27 0 0.00 9 33 12:00pm WSW 29.99 42 9 38.0 45.7 11:42am 29.7 4:37am 27 0 0.00 10 25 3:11pm WSW 30.05 43 10 39.7 45.7 1:19pm 33.8 11:29pm 25 0 0.00 12 28 1:31pm WSW 29.95 48 11 40.1 48.3 12:06pm 32.7 11:42pm 25 0 0.02 7 26 2:46pm SW 29.72 62 12 30.9 41.9 1:19pm 18.0 11:58pm 34 0 0.02 4 19 2:51pm W 29.91 72 13 18.1 29.8 1:49pm 10.9 8:49pm 47 0 0.00 3 12 3:24pm NE 30.20 78 14 14.8 25.8 10:36am 7.2 7:11am 50 0 0.03 2 13 1:17pm ENE 30.26 80 15 23.7 32.1 1:51pm 9.9 5:44am 41 0 0.01 14 44 11:07pm SW 30.21 54 16 30.4 37.6 10:19am 22.7 11:09pm 35 0 0.01 14 36 12:16am W 29.99 55 17 31.8 40.1 3:20pm 23.2 4:53am 33 0 0.00 11 28 6:31pm WSW 30.33 34 18 40.8 49.2 2:03pm 32.9 1:38am 24 0 0.00 14 33 10:08am WSW 29.85 24 19 35.2 40.1 11:42am 27.8 11:29pm 30 0 0.00 11 28 12:06am WSW 29.61 59 20 33.5 41.3 3:08pm 27.0 4:41am 31 0 0.00 16 34 12:51pm WSW 29.81 38 21 39.3 48.3 2:38pm 30.1 11:51pm 26 0 0.00 18 39 1:50pm WSW 29.94 32 22 35.7 54.8 2:01pm 19.5 6:21am 29 0 0.00 5 28 12:47pm WSW 29.98 41 23 33.5 47.9 10:47am 18.4 5:11am 28 0 0.00 7 22 4:24pm W 29.55 41 24 26.4 30.7 1:46pm 21.9 8:12pm 36 0 0.00 15 36 9:08pm WSW 29.74 36 25 27.3 32.8 2:43pm 21.4 3:08am 35 0 0.00 16 37 1:17pm WSW 29.80 41 26 27.5 33.7 1:13pm 21.4 3:53am 37 0 0.00 14 35 2:40pm WSW 29.81 46 27 30.1 41.9 1:53pm 21.6 6:42am 35 0 0.02 7 28 3:46pm WSW 29.70 67 28 18.9 26.3 12:00am 9.7 9:48pm 46 0 0.00 4 18 4:31pm WSW 29.70 66 --------------------------------------------------------------------------------------- TOT 30.7 56.2 2/6/07 -10.2 2/1/07 952 0 0.00 11 44 2/15/07 WSW 29.96 49 HEAT BASE: 65.0 COOL BASE: 65.0

Station affiliations

Weather data published to:,
Weather Underground, Citizen Weather Observer Program, WeatherForYou, AnythingWeather.com

Member of: Weather-Matrix, Weather-Watch.com

Quote from the patron saint of the webmaster, St. Alphonsus Liguori :
"My Jesus, Thou alone art sufficient for me.  My love, do not permit me to separate myself from Thee.  When shall I be able to say, 'My God, I cannot lose thee any more?' "

 ©2007 EstesParkWeather.net and ExceptionalWeather.com. EstesParkWeather.net is part of the ExceptionalWeather Network
Radar/maps © Weather Underground. Used with permission.    Valid XHTML 1.0     Valid CSS
Never base important decisions on this or any weather information obtained from the Internet.