NOAA style reports

Note: Some NOAA reports are not available. For a complete summary of all available archival weather data please this page.

Year to date and all Time Records: Are available on the Live page. Look for the Records push button.

2018: Jan | Feb | Mar | Apr | May | Jun | Jul | Aug | Sep | Oct | Nov | Dec 
2017: Jan | Feb | Mar | Apr | May | Jun | Jul | Aug | Sep | Oct | Nov | Dec 
2016: Jan | Feb | Mar | Apr | May | Jun | Jul | Aug | Sep | Oct | Nov | Dec 
2015: Jan | Feb | Mar | Apr | May | Jun | Jul | Aug | Sep | Oct | Nov | Dec 
2014: Jan | Feb | Mar | Apr | May | Jun | Jul | Aug | Sep | Oct | Nov | Dec 
2013: Jan | Feb | Mar | Apr | May | Jun | Jul | Aug | Sep | Oct | Nov | Dec 
2012: Jan | Feb | Mar | Apr | May | Jun | Jul | Aug | Sep | Oct | Nov | Dec 
2011: Jan | Feb | Mar | Apr | May | Jun | Jul | Aug | Sep | Oct | Nov | Dec 
2010: Jan | Feb | Mar | Apr | May | Jun | Jul | Aug | Sep | Oct | Nov | Dec 
2009: Jan | Feb | Mar | Apr | May | Jun | Jul | Aug | Sep | Oct | Nov | Dec 
 2008: Jan | Feb | Mar | Apr | May | Jun | Jul | Aug | Sep | Oct | Nov | Dec 
2007: Jan | Feb | Mar | Apr | May | Jun | Jul | Aug | Sep | Oct | Nov | Dec 
 2006: Jan | Feb | Mar | Apr | May | Jun | Jul | Aug | Sep | Oct | Nov | Dec 

Report for 2007 01
MONTHLY CLIMATOLOGICAL SUMMARY for JAN. 2007 NAME: Truta's EstesParkWeather.net CITY: Estes Park STATE: Colorado ELEV: 7700 LAT: 040:23:00 LONG: 0105:29:00 TEMPERATURE ( F), RAIN (in.), WIND SPEED (mph) HEAT COOL AVG MEAN DEG DEG WIND DOM DAY TEMP HIGH TIME LOW TIME DAYS DAYS RAIN SPEED HIGH TIME DIR ---------------------------------------------------------------------------------------------------------------------------------------------------------- 01 22.9 41.5 12:43p 06.7 23:43p 42.1 00.0 00.00 01.4 11.5 02:54a N 02 33.5 43.2 12:58p 07.4 00:13a 31.5 00.0 00.00 08.7 28.8 23:55p WSW 03 40.9 46.2 14:22p 35.9 02:24a 24.1 00.0 00.00 17.1 46.0 20:57p WSW 04 35.6 43.0 00:01a 27.2 00:00a 29.4 00.0 00.00 09.0 47.2 00:58a WSW 05 16.6 27.2 00:04a -00.7 22:17p 48.4 00.0 00.00 02.9 24.2 23:02p E 06 18.8 26.1 11:16a 10.9 00:35a 46.2 00.0 00.00 16.7 44.9 13:33p WSW 07 19.6 26.4 00:00a 10.9 06:35a 45.4 00.0 00.01 16.8 57.5 18:09p WSW 08 33.3 38.5 22:25p 26.6 00:03a 31.7 00.0 00.00 21.4 55.2 01:27a WSW 09 37.3 46.3 15:06p 19.7 05:38a 27.7 00.0 00.00 10.8 34.5 23:46p WSW 10 41.0 46.8 14:26p 34.8 04:20a 24.0 00.0 00.00 17.0 51.8 11:41a WSW 11 25.1 39.8 10:08a 03.4 00:00a 39.9 00.0 00.00 08.0 34.5 05:10a NW 12 -01.6 06.6 12:40p -07.6 20:02p 66.6 00.0 00.00 05.4 16.1 11:56a NNE 13 05.9 24.8 12:41p -07.8 01:01a 59.1 00.0 00.11 01.4 11.5 18:38p NNE 14 03.8 08.3 01:09a -10.9 23:59p 61.2 00.0 00.00 02.2 13.8 10:43a ENE 15 06.1 22.5 14:20p -14.7 01:41a 58.9 00.0 00.01 05.0 27.6 08:45a W 16 11.7 34.7 13:00p -05.3 07:18a 53.3 00.0 00.01 00.9 10.4 03:25a NW 17 17.1 28.5 15:34p -04.7 03:34a 47.9 00.0 00.00 15.5 49.5 19:35p WSW 18 23.1 30.9 14:08p 14.4 05:52a 41.9 00.0 00.00 16.6 48.3 06:23a WSW 19 29.5 41.6 11:46a 10.9 00:00a 35.5 00.0 00.00 07.7 36.8 02:00a SW 20 20.2 36.0 13:18p 05.0 04:52a 44.8 00.0 00.00 02.3 18.4 23:56p NW 21 19.1 26.1 00:29a 02.0 00:00a 45.9 00.0 00.00 04.5 21.9 05:36a N 22 22.4 36.2 15:16p -01.5 02:27a 42.6 00.0 00.00 07.4 32.2 06:16a WSW 23 30.8 43.1 14:04p 18.1 00:54a 34.2 00.0 00.00 02.6 12.7 03:32a NNW 24 30.5 46.4 11:45a 17.2 23:55p 34.5 00.0 00.00 02.1 16.1 01:01a NNE 25 28.6 59.5 13:27p 11.2 06:54a 36.4 00.0 00.00 01.3 16.1 16:27p NW 26 34.1 44.6 10:48a 18.4 23:53p 30.9 00.0 00.00 05.8 28.8 03:53a WSW 27 15.8 23.0 12:21p 00.5 00:00a 49.2 00.0 00.01 02.5 12.7 17:21p NE 28 26.4 37.5 13:14p -00.9 01:58a 38.6 00.0 00.00 12.2 41.4 14:05p WSW 29 24.6 34.9 12:08p 15.2 22:20p 40.4 00.0 00.00 07.4 28.8 05:47a NNE 30 17.8 27.5 21:11p 07.6 07:28a 47.2 00.0 00.00 03.5 25.3 21:24p NW 31 11.9 24.2 00:14a -07.1 23:53p 53.1 00.0 00.01 02.6 12.7 12:56p NE ---------------------------------------------------------------------------------------------------------------------------------------------------------- 22.2 (21.0) 59.5 day 25 -14.7 day 15 1368.2 0.0 0.17 7.5 28.6 day 07 WSW Max <= 32.0: 14 Min <= 32.0: 30 Min <= 0.0: 10 Max <= 23.0: 5 Min <= 23.0: 28 Max <= 14.0: 3 Min <= 14.0: 22 Min <= 5.0: 14 Min <= 0.0: 10 Min <= -4.0: 7 Min <= -13.0: 1 Max Rain: 0.11 ON 14-01-07 Days of Rain: 6 (> .008in) 1 (> .08in) 0 (> 0.8in)

Station affiliations

Weather data published to:,
Weather Underground, Citizen Weather Observer Program, WeatherForYou, AnythingWeather.com

Member of: Weather-Matrix, Weather-Watch.com

Quote from the patron saint of the webmaster, St. Alphonsus Liguori :
"My Jesus, Thou alone art sufficient for me.  My love, do not permit me to separate myself from Thee.  When shall I be able to say, 'My God, I cannot lose thee any more?' "

 ©2007 EstesParkWeather.net and ExceptionalWeather.com. EstesParkWeather.net is part of the ExceptionalWeather Network
Radar/maps © Weather Underground. Used with permission.    Valid XHTML 1.0     Valid CSS
Never base important decisions on this or any weather information obtained from the Internet.