NOAA style reports

Note: Some NOAA reports are not available. For a complete summary of all available archival weather data please this page.

Year to date and all Time Records: Are available on the Live page. Look for the Records push button.

2018: Jan | Feb | Mar | Apr | May | Jun | Jul | Aug | Sep | Oct | Nov | Dec 
2017: Jan | Feb | Mar | Apr | May | Jun | Jul | Aug | Sep | Oct | Nov | Dec 
2016: Jan | Feb | Mar | Apr | May | Jun | Jul | Aug | Sep | Oct | Nov | Dec 
2015: Jan | Feb | Mar | Apr | May | Jun | Jul | Aug | Sep | Oct | Nov | Dec 
2014: Jan | Feb | Mar | Apr | May | Jun | Jul | Aug | Sep | Oct | Nov | Dec 
2013: Jan | Feb | Mar | Apr | May | Jun | Jul | Aug | Sep | Oct | Nov | Dec 
2012: Jan | Feb | Mar | Apr | May | Jun | Jul | Aug | Sep | Oct | Nov | Dec 
2011: Jan | Feb | Mar | Apr | May | Jun | Jul | Aug | Sep | Oct | Nov | Dec 
2010: Jan | Feb | Mar | Apr | May | Jun | Jul | Aug | Sep | Oct | Nov | Dec 
2009: Jan | Feb | Mar | Apr | May | Jun | Jul | Aug | Sep | Oct | Nov | Dec 
 2008: Jan | Feb | Mar | Apr | May | Jun | Jul | Aug | Sep | Oct | Nov | Dec 
2007: Jan | Feb | Mar | Apr | May | Jun | Jul | Aug | Sep | Oct | Nov | Dec 
 2006: Jan | Feb | Mar | Apr | May | Jun | Jul | Aug | Sep | Oct | Nov | Dec 

Report for 2006 12
MONTHLY CLIMATOLOGICAL SUMMARY for DEC. 2006 NAME: Truta's EstesParkWeather.net CITY: Estes Park STATE: Colorado ELEV: 7700 LAT: 040:23:00 LONG: 0105:29:00 TEMPERATURE ( F), RAIN (in.), WIND SPEED (mph) HEAT COOL AVG MEAN DEG DEG WIND DOM DAY TEMP HIGH TIME LOW TIME DAYS DAYS RAIN SPEED HIGH TIME DIR ---------------------------------------------------------------------------------------------------------------------------------------------------------- 01 23.9 29.8 01:41a 12.3 23:54p 41.1 00.0 00.00 13.5 44.9 03:01a WSW 02 06.7 22.1 12:06p -05.3 00:00a 58.3 00.0 00.00 01.3 12.7 12:02p NE 03 19.9 33.4 12:32p -09.0 03:38a 45.1 00.0 00.00 11.4 47.2 14:42p WSW 04 36.8 45.5 14:06p 30.4 00:02a 28.2 00.0 00.00 15.3 38.0 01:39a WSW 05 38.5 46.4 13:33p 30.9 03:03a 26.5 00.0 00.00 12.1 41.4 04:23a WSW 06 35.1 45.4 15:05p 23.8 23:43p 29.9 00.0 00.00 10.7 39.1 04:53a SW 07 27.7 50.4 14:22p 11.1 07:39a 37.3 00.0 00.00 01.9 21.9 13:02p NW 08 32.9 54.8 13:40p 17.0 05:52a 32.1 00.0 00.00 03.5 24.2 13:31p WSW 09 38.0 47.0 12:29p 19.9 01:22a 27.0 00.0 00.00 09.3 34.5 10:31a WSW 10 38.2 47.1 13:39p 30.7 00:00a 26.8 00.0 00.00 08.7 33.4 02:54a W 11 32.1 39.2 12:52p 28.1 08:06a 32.9 00.0 00.00 07.9 33.4 23:52p WSW 12 32.3 38.9 14:26p 28.4 02:26a 32.7 00.0 00.00 18.8 48.3 12:28p WSW 13 36.8 42.6 14:56p 30.7 05:43a 28.2 00.0 00.00 18.1 51.8 19:11p WSW 14 42.7 49.5 14:03p 37.3 00:41a 22.3 00.0 00.00 18.9 50.6 10:23a WSW 15 45.3 53.9 12:56p 39.8 02:35a 19.7 00.0 00.00 12.9 35.7 18:57p WSW 16 35.4 46.5 11:36a 21.0 23:55p 29.6 00.0 00.00 08.2 33.4 02:51a SW 17 17.4 21.6 01:05a 13.1 00:00a 47.6 00.0 00.00 02.4 11.5 13:36p NE 18 13.5 27.8 13:24p -01.3 07:14a 51.5 00.0 00.17 01.4 11.5 10:17a ENE 19 18.2 43.8 13:17p 01.7 02:57a 46.8 00.0 00.08 00.9 11.5 14:43p NNW 20 20.0 24.2 08:50a 12.8 00:24a 45.0 00.0 00.00 06.2 42.6 14:58p N 21 26.0 32.8 15:36p 19.7 00:01a 39.0 00.0 00.17 06.1 28.8 16:39p W 22 21.5 40.8 12:10p 06.7 07:49a 43.5 00.0 00.04 01.8 16.1 01:02a N 23 26.3 43.5 12:19p 08.1 03:48a 38.7 00.0 00.01 07.5 43.7 22:00p WSW 24 27.1 34.9 14:33p 16.2 00:00a 37.9 00.0 00.00 10.2 42.6 04:06a W 25 31.0 41.3 13:28p 08.6 02:15a 34.0 00.0 00.00 13.0 42.6 15:49p WSW 26 40.2 44.5 09:57a 36.5 07:53a 24.8 00.0 00.00 10.9 41.4 23:35p WSW 27 37.3 43.7 15:32p 23.9 22:35p 27.7 00.0 00.00 11.6 38.0 14:26p WSW 28 24.6 30.3 13:14p 17.2 07:12a 40.4 00.0 00.02 01.9 13.8 20:30p NNE 29 30 20.5 34.1 15:37p 06.3 09:02a 44.5 00.0 00.21 01.4 11.5 02:11a NNE 31 20.2 36.6 13:21p 08.4 00:50a 44.8 00.0 00.01 02.5 11.5 13:29p NNE ---------------------------------------------------------------------------------------------------------------------------------------------------------- 28.9 (28.6) 54.8 day 08 -09.0 day 03 1119.7 0.0 0.71 8.9 32.0 day 13 WSW Max <= 32.0: 7 Min <= 32.0: 28 Min <= 0.0: 3 Max <= 23.0: 2 Min <= 23.0: 19 Min <= 14.0: 13 Min <= 5.0: 4 Min <= 0.0: 3 Min <= -4.0: 2 Max Rain: 0.21 ON 31-12-06 Days of Rain: 8 (> .008in) 3 (> .08in) 0 (> 0.8in)

Station affiliations

Weather data published to:,
Weather Underground, Citizen Weather Observer Program, WeatherForYou, AnythingWeather.com

Member of: Weather-Matrix, Weather-Watch.com

Quote from the patron saint of the webmaster, St. Alphonsus Liguori :
"My Jesus, Thou alone art sufficient for me.  My love, do not permit me to separate myself from Thee.  When shall I be able to say, 'My God, I cannot lose thee any more?' "

 ©2007 EstesParkWeather.net and ExceptionalWeather.com. EstesParkWeather.net is part of the ExceptionalWeather Network
Radar/maps © Weather Underground. Used with permission.    Valid XHTML 1.0     Valid CSS
Never base important decisions on this or any weather information obtained from the Internet.