NOAA style reports

Note: Some NOAA reports are not available. For a complete summary of all available archival weather data please this page.

Year to date and all Time Records: Are available on the Live page. Look for the Records push button.

2018: Jan | Feb | Mar | Apr | May | Jun | Jul | Aug | Sep | Oct | Nov | Dec 
2017: Jan | Feb | Mar | Apr | May | Jun | Jul | Aug | Sep | Oct | Nov | Dec 
2016: Jan | Feb | Mar | Apr | May | Jun | Jul | Aug | Sep | Oct | Nov | Dec 
2015: Jan | Feb | Mar | Apr | May | Jun | Jul | Aug | Sep | Oct | Nov | Dec 
2014: Jan | Feb | Mar | Apr | May | Jun | Jul | Aug | Sep | Oct | Nov | Dec 
2013: Jan | Feb | Mar | Apr | May | Jun | Jul | Aug | Sep | Oct | Nov | Dec 
2012: Jan | Feb | Mar | Apr | May | Jun | Jul | Aug | Sep | Oct | Nov | Dec 
2011: Jan | Feb | Mar | Apr | May | Jun | Jul | Aug | Sep | Oct | Nov | Dec 
2010: Jan | Feb | Mar | Apr | May | Jun | Jul | Aug | Sep | Oct | Nov | Dec 
2009: Jan | Feb | Mar | Apr | May | Jun | Jul | Aug | Sep | Oct | Nov | Dec 
 2008: Jan | Feb | Mar | Apr | May | Jun | Jul | Aug | Sep | Oct | Nov | Dec 
2007: Jan | Feb | Mar | Apr | May | Jun | Jul | Aug | Sep | Oct | Nov | Dec 
 2006: Jan | Feb | Mar | Apr | May | Jun | Jul | Aug | Sep | Oct | Nov | Dec 

Report for 2006 11
MONTHLY CLIMATOLOGICAL SUMMARY FOR 11/2006 HEAT COOL MEAN DEG DEG WIND SPEED DOM MEAN MEAN DAY TEMP HIGH TIME LOW TIME DAYS DAYS RAIN AVG HI TIME DIR BAROM HUM --------------------------------------------------------------------------------------- 1 30.6 45.1 1:46pm 16.9 9:40pm 34 0 0.00 7 26 2:41am WSW 30.22 36 2 32.2 49.2 3:05pm 15.4 3:11am 33 0 0.00 4 23 12:18pm WSW 30.31 41 3 40.7 54.1 11:30am 28.2 7:48am 24 0 0.00 5 27 1:22pm W 30.06 40 4 39.5 48.2 2:05pm 30.0 11:42pm 26 0 0.00 4 17 2:18pm WSW 30.08 56 5 41.6 51.3 1:53pm 28.4 4:30am 23 0 0.00 11 28 8:17pm WSW 30.10 44 6 46.3 53.8 12:39pm 38.9 3:11am 19 0 0.00 17 32 11:45pm WSW 30.05 44 7 53.4 62.3 3:51pm 46.8 7:02am 12 0 0.00 16 38 1:48am WSW 29.83 43 8 54.8 66.4 1:50pm 36.2 11:47pm 10 0 0.00 11 30 9:16am WSW 29.58 29 9 36.9 50.8 4:02pm 30.7 3:33am 28 0 0.00 6 22 2:00pm N 29.75 74 10 31.2 38.6 2:41pm 24.1 10:22pm 34 0 0.00 10 25 9:00am WSW 30.22 41 11 44.0 54.5 2:16pm 23.5 12:17am 21 0 0.00 13 33 11:29am SW 29.86 22 12 30.3 39.2 12:17am 15.2 11:55pm 35 0 0.08 5 21 3:00pm WSW 30.00 58 13 30.0 38.2 8:43am 11.4 2:01am 35 0 0.00 15 44 11:01am WSW 29.93 42 14 30.9 37.0 2:06am 22.9 11:57pm 34 0 0.01 8 32 12:19am WSW 29.75 65 15 32.1 39.9 11:44pm 21.9 1:05am 33 0 0.00 15 29 6:42pm WSW 30.19 32 16 42.4 50.8 12:30pm 36.0 3:38am 23 0 0.00 12 29 2:06pm WSW 29.86 29 17 39.0 48.9 12:53pm 28.4 11:43pm 26 0 0.00 7 22 2:27pm WSW 30.07 45 18 35.1 49.8 12:26pm 25.1 2:45am 30 0 0.00 4 24 2:08pm WSW 30.26 53 19 29.7 48.2 11:59am 16.2 6:56am 35 0 0.00 2 10 12:32pm NNW 30.57 58 20 45.9 56.5 2:24pm 19.7 12:23am 19 0 0.00 12 34 11:34am WSW 30.18 20 21 50.2 59.3 1:43pm 44.3 12:24am 15 0 0.00 15 28 12:48pm WSW 30.03 18 22 46.0 58.4 1:23pm 27.5 11:33pm 19 0 0.00 10 25 5:19am WSW 30.03 32 23 44.7 56.3 1:25pm 25.0 3:33am 20 0 0.00 12 40 3:59pm WSW 29.91 30 24 0.0 34.3 8:04am 34.3 8:04am 0 0 0.00 0 0 8:04am --- 0.00 0 25 39.5 45.8 1:10pm 28.4 11:49pm 16 0 0.00 10 27 11:08am NE 29.85 41 26 31.6 42.5 2:02pm 18.0 11:52pm 33 0 0.00 5 24 12:09pm WSW 29.97 57 27 31.2 46.5 12:45pm 14.4 3:45am 34 0 0.00 5 21 2:18pm WSW 29.81 46 28 23.2 31.5 5:18am 13.3 11:31pm 42 0 0.00 7 30 11:39am WSW 29.74 69 29 8.6 14.9 2:00pm -8.3 11:59pm 56 0 0.03 2 10 9:35am ENE 29.79 79 30 17.0 30.0 1:51pm -11.1 1:47am 48 0 0.03 13 42 8:23pm WSW 28.88 52 --------------------------------------------------------------------------------------- TOT 36.5 66.4 11/8/06 -11.1 11/30/06 817 0 0.00 9 44 11/13/06 WSW 29.96 45 HEAT BASE: 65.0 COOL BASE: 65.0

Station affiliations

Weather data published to:,
Weather Underground, Citizen Weather Observer Program, WeatherForYou, AnythingWeather.com

Member of: Weather-Matrix, Weather-Watch.com

Quote from the patron saint of the webmaster, St. Alphonsus Liguori :
"My Jesus, Thou alone art sufficient for me.  My love, do not permit me to separate myself from Thee.  When shall I be able to say, 'My God, I cannot lose thee any more?' "

 ©2007 EstesParkWeather.net and ExceptionalWeather.com. EstesParkWeather.net is part of the ExceptionalWeather Network
Radar/maps © Weather Underground. Used with permission.    Valid XHTML 1.0     Valid CSS
Never base important decisions on this or any weather information obtained from the Internet.