NOAA style reports

Note: Some NOAA reports are not available. For a complete summary of all available archival weather data please this page.

Year to date and all Time Records: Are available on the Live page. Look for the Records push button.

2018: Jan | Feb | Mar | Apr | May | Jun | Jul | Aug | Sep | Oct | Nov | Dec 
2017: Jan | Feb | Mar | Apr | May | Jun | Jul | Aug | Sep | Oct | Nov | Dec 
2016: Jan | Feb | Mar | Apr | May | Jun | Jul | Aug | Sep | Oct | Nov | Dec 
2015: Jan | Feb | Mar | Apr | May | Jun | Jul | Aug | Sep | Oct | Nov | Dec 
2014: Jan | Feb | Mar | Apr | May | Jun | Jul | Aug | Sep | Oct | Nov | Dec 
2013: Jan | Feb | Mar | Apr | May | Jun | Jul | Aug | Sep | Oct | Nov | Dec 
2012: Jan | Feb | Mar | Apr | May | Jun | Jul | Aug | Sep | Oct | Nov | Dec 
2011: Jan | Feb | Mar | Apr | May | Jun | Jul | Aug | Sep | Oct | Nov | Dec 
2010: Jan | Feb | Mar | Apr | May | Jun | Jul | Aug | Sep | Oct | Nov | Dec 
2009: Jan | Feb | Mar | Apr | May | Jun | Jul | Aug | Sep | Oct | Nov | Dec 
 2008: Jan | Feb | Mar | Apr | May | Jun | Jul | Aug | Sep | Oct | Nov | Dec 
2007: Jan | Feb | Mar | Apr | May | Jun | Jul | Aug | Sep | Oct | Nov | Dec 
 2006: Jan | Feb | Mar | Apr | May | Jun | Jul | Aug | Sep | Oct | Nov | Dec 

Report for 2006 10
MONTHLY CLIMATOLOGICAL SUMMARY FOR 10/2006 HEAT COOL MEAN DEG DEG WIND SPEED DOM MEAN MEAN DAY TEMP HIGH TIME LOW TIME DAYS DAYS RAIN AVG HI TIME DIR BAROM HUM --------------------------------------------------------------------------------------- 1 61.3 70.4 4:05pm 47.6 11:57pm 3 1 0.00 5 22 3:56pm WSW 29.86 19 2 56.7 71.1 1:57pm 45.4 11:44pm 9 1 0.00 6 28 4:27pm SW 29.89 32 3 51.0 63.4 3:04pm 40.6 2:32am 14 0 0.00 9 28 10:34am WSW 30.01 53 4 45.3 59.0 2:13pm 32.2 6:45am 19 0 0.00 3 13 4:33pm W 30.24 71 5 50.0 66.4 11:30am 36.6 1:34am 15 0 0.00 3 23 4:31pm W 30.15 64 6 55.5 72.3 12:44pm 41.6 2:03am 10 1 0.00 2 14 2:20pm WSW 29.88 55 7 55.5 65.8 2:55pm 44.6 7:42am 10 0 0.02 8 24 1:43pm WSW 29.78 47 8 41.2 51.4 12:45am 34.0 11:57pm 24 0 0.03 2 9 2:26am ESE 30.15 84 9 32.6 34.3 4:59am 30.0 11:31pm 32 0 0.09 2 7 1:42pm ENE 30.28 92 10 37.9 51.3 2:55pm 27.9 6:19am 27 0 0.07 6 27 6:32pm W 30.07 68 11 47.3 52.8 1:11pm 42.2 12:57am 18 0 0.00 14 35 6:51am WSW 29.78 43 12 48.3 58.0 3:19pm 33.2 3:32am 17 0 0.00 9 24 6:04am W 29.81 37 13 47.3 63.4 3:44pm 31.0 11:57pm 18 0 0.00 5 23 12:42pm W 29.85 44 14 40.1 57.6 12:46pm 26.0 5:27am 25 0 0.00 3 20 4:05pm WSW 29.93 64 15 42.9 60.5 1:57pm 28.5 7:07am 22 0 0.00 4 22 12:08pm WSW 29.72 64 16 47.5 55.6 1:29pm 39.9 9:24pm 17 0 0.00 11 26 12:27pm WSW 29.41 49 17 31.0 43.2 12:06am 20.6 11:55pm 34 0 0.04 4 26 12:14am ENE 29.78 77 18 25.8 36.5 4:13pm 11.9 7:42am 39 0 0.29 7 26 11:14pm WSW 30.22 64 19 35.3 42.3 2:05pm 28.8 12:05am 30 0 0.00 15 34 12:43am WSW 30.04 51 20 38.3 46.5 11:18am 31.3 11:29pm 19 0 0.01 10 32 9:24am WSW 29.78 65 21 30.3 38.5 2:52pm 23.5 11:59pm 35 0 0.01 4 19 3:53pm W 30.21 61 22 32.7 41.6 3:22pm 21.3 12:35am 32 0 0.00 7 24 10:47pm WSW 30.30 43 23 47.8 59.3 12:36pm 37.6 12:00am 17 0 0.00 12 30 2:56pm WSW 30.05 23 24 46.6 61.2 3:30pm 29.8 11:19pm 18 0 0.00 5 20 12:46pm WSW 29.87 30 25 44.0 53.6 12:56pm 30.0 12:00am 21 0 0.04 3 22 2:14pm SW 29.74 48 26 33.1 41.8 2:21pm 28.4 7:12pm 32 0 0.42 3 22 11:19pm SW 30.10 75 27 40.2 48.5 12:35pm 30.6 12:18am 25 0 0.00 14 24 3:59am WSW 30.31 40 28 48.0 55.9 4:07pm 41.1 12:26am 17 0 0.00 18 33 10:01am WSW 30.09 21 29 49.4 57.5 2:31pm 40.6 6:56pm 16 0 0.00 14 31 11:23am WSW 29.71 26 30 38.9 53.5 2:19pm 18.6 11:48pm 26 0 0.00 13 39 5:01am WSW 29.59 45 31 27.9 48.8 1:43pm 16.1 6:41am 37 0 0.00 5 29 1:53pm ESE 30.09 57 --------------------------------------------------------------------------------------- TOT 42.7 72.3 10/6/06 11.9 10/18/06 678 2 0.00 7 39 10/30/06 WSW 29.96 52 HEAT BASE: 65.0 COOL BASE: 65.0

Station affiliations

Weather data published to:,
Weather Underground, Citizen Weather Observer Program, WeatherForYou, AnythingWeather.com

Member of: Weather-Matrix, Weather-Watch.com

Quote from the patron saint of the webmaster, St. Alphonsus Liguori :
"My Jesus, Thou alone art sufficient for me.  My love, do not permit me to separate myself from Thee.  When shall I be able to say, 'My God, I cannot lose thee any more?' "

 ©2007 EstesParkWeather.net and ExceptionalWeather.com. EstesParkWeather.net is part of the ExceptionalWeather Network
Radar/maps © Weather Underground. Used with permission.    Valid XHTML 1.0     Valid CSS
Never base important decisions on this or any weather information obtained from the Internet.