NOAA style reports

Note: Some NOAA reports are not available. For a complete summary of all available archival weather data please this page.

Year to date and all Time Records: Are available on the Live page. Look for the Records push button.

2018: Jan | Feb | Mar | Apr | May | Jun | Jul | Aug | Sep | Oct | Nov | Dec 
2017: Jan | Feb | Mar | Apr | May | Jun | Jul | Aug | Sep | Oct | Nov | Dec 
2016: Jan | Feb | Mar | Apr | May | Jun | Jul | Aug | Sep | Oct | Nov | Dec 
2015: Jan | Feb | Mar | Apr | May | Jun | Jul | Aug | Sep | Oct | Nov | Dec 
2014: Jan | Feb | Mar | Apr | May | Jun | Jul | Aug | Sep | Oct | Nov | Dec 
2013: Jan | Feb | Mar | Apr | May | Jun | Jul | Aug | Sep | Oct | Nov | Dec 
2012: Jan | Feb | Mar | Apr | May | Jun | Jul | Aug | Sep | Oct | Nov | Dec 
2011: Jan | Feb | Mar | Apr | May | Jun | Jul | Aug | Sep | Oct | Nov | Dec 
2010: Jan | Feb | Mar | Apr | May | Jun | Jul | Aug | Sep | Oct | Nov | Dec 
2009: Jan | Feb | Mar | Apr | May | Jun | Jul | Aug | Sep | Oct | Nov | Dec 
 2008: Jan | Feb | Mar | Apr | May | Jun | Jul | Aug | Sep | Oct | Nov | Dec 
2007: Jan | Feb | Mar | Apr | May | Jun | Jul | Aug | Sep | Oct | Nov | Dec 
 2006: Jan | Feb | Mar | Apr | May | Jun | Jul | Aug | Sep | Oct | Nov | Dec 

Report for 2016 05
MONTHLY CLIMATOLOGICAL SUMMARY for APR. 2016 NAME: Estes Park - Truta CITY: Estes Park STATE: Colorado ELEV: 7700 ft LAT: 39 36' 00" N LONG: 104 54' 00" W TEMPERATURE (F), RAIN (in), WIND SPEED (mph) HEAT COOL AVG MEAN DEG DEG WIND DOM DAY TEMP HIGH TIME LOW TIME DAYS DAYS RAIN SPEED HIGH TIME DIR ------------------------------------------------------------------------------------ 1 31.8 47.1 1:20p 16.7 5:25a 32.2 0.0 0.00 5.5 25.0 11:58a ESE 2 41.3 54.4 1:23p 16.8 7:24p 18.1 0.0 0.00 6.3 24.0 12:23a ESE 3 49.8 59.9 2:59p 12.3 8:31p 7.8 0.0 0.00 7.2 33.0 9:27a ESE 4 53.1 61.6 3:01p 3.8 10:24a 7.0 0.0 0.00 6.0 25.0 10:09a ESE 5 39.6 47.7 9:18a 32.9 3:27p 22.5 0.0 0.04 9.7 47.0 5:26p ESE 6 52.9 58.6 3:03p 22.8 10:24a 6.2 0.0 0.00 13.8 39.0 5:57p ESE 7 50.3 56.2 12:01p 37.2 10:01p 7.5 0.0 0.00 3.3 19.0 11:46a ESE 8 50.3 57.5 10:30a 36.0 9:48p 7.5 0.0 0.00 2.8 18.0 11:26a ESE 9 53.6 60.7 11:40a 22.0 4:41p 5.9 0.0 0.00 11.5 30.0 12:40p ESE 10 45.1 52.3 2:46p 10.2 10:24a 10.2 0.0 0.02 5.9 30.0 12:59p ESE 11 41.9 51.7 2:23p 29.3 11:51p 13.4 0.0 0.00 2.3 13.0 11:27a ESE 12 41.5 59.8 12:02p 26.4 2:44a 22.4 0.0 0.01 3.5 25.0 3:25p ESE 13 45.9 62.4 1:55p 26.8 4:31a 14.0 0.0 0.00 2.1 19.0 2:07p ESE 14 57.6 64.2 3:02p 51.0 6:25p 3.7 0.0 0.00 9.2 28.0 9:07p ESE 15 33.9 39.9 9:25a 6.2 7:42p 15.9 0.0 0.04 1.5 16.0 9:11a ESE 16 29.0 35.5 1:18p 26.0 11:52p 21.1 0.0 0.09 4.6 24.0 9:15a ESE 17 27.6 32.1 1:00p 24.7 2:29a 35.8 0.0 0.12 2.1 17.0 9:15a ESE 18 28.1 34.9 11:52a 4.2 11:06p 30.3 0.0 0.03 1.5 14.0 12:42p ESE 19 31.9 42.5 11:00a 3.6 12:54a 28.9 0.0 0.01 2.2 16.0 12:45p ESE 20 44.2 53.5 3:53p 31.3 12:00m 12.1 0.0 0.00 3.0 20.0 12:10p ESE 21 43.7 59.3 1:13p 24.7 5:10a 18.9 0.0 0.01 1.8 17.0 12:56p ESE 22 58.2 70.8 1:32p 37.9 11:57p 4.5 0.5 0.00 5.0 28.0 1:29p ESE 23 46.7 68.3 1:42p 32.9 3:44a 16.2 0.2 0.02 4.6 34.0 9:42p ESE 24 43.6 50.2 4:16p 24.2 4:41p 12.6 0.0 0.00 7.5 32.0 9:46a ESE 25 45.2 55.9 2:15p 29.1 5:27a 19.0 0.0 0.04 3.6 21.0 10:02p ESE 26 36.0 45.8 10:54a 29.0 8:53p 21.7 0.0 0.01 5.5 25.0 3:57a ESE 27 41.7 50.2 4:42p 30.3 11:51p 13.4 0.0 0.01 5.2 25.0 9:46a ESE 28 29.1 31.9 4:24p 27.0 7:58a 31.4 0.0 0.06 1.8 11.0 10:22a ESE 29 29.8 34.7 9:24a 26.7 11:42p 20.3 0.0 0.08 2.5 13.0 11:53a ESE 30 29.1 35.2 12:09p 25.1 3:20a 34.4 0.0 0.07 4.0 22.0 10:11a ESE ------------------------------------------------------------------------------------- 41.7 70.8 22 3.6 19 514.9 0.7 0.66 4.8 47.0 5 ESE Max >= 90.0: 0 Max <= 32.0: 1 Min <= 32.0: 24 Min <= 0.0: 0 Max Rain: 0.12 ON 04/17/16 Days of Rain: 11 (>.01 in) 1 (>.1 in) 0 (>1 in) Heat Base: 65.0 Cool Base: 65.0 Method: Integration

Station affiliations

Weather data published to:,
Weather Underground, Citizen Weather Observer Program, WeatherForYou, AnythingWeather.com

Member of: Weather-Matrix, Weather-Watch.com

Quote from the patron saint of the webmaster, St. Alphonsus Liguori :
"My Jesus, Thou alone art sufficient for me.  My love, do not permit me to separate myself from Thee.  When shall I be able to say, 'My God, I cannot lose thee any more?' "

 ©2007 EstesParkWeather.net and ExceptionalWeather.com. EstesParkWeather.net is part of the ExceptionalWeather Network
Radar/maps © Weather Underground. Used with permission.    Valid XHTML 1.0     Valid CSS
Never base important decisions on this or any weather information obtained from the Internet.