NOAA style reports

Note: Some NOAA reports are not available. For a complete summary of all available archival weather data please this page.

Year to date and all Time Records: Are available on the Live page. Look for the Records push button.

2018: Jan | Feb | Mar | Apr | May | Jun | Jul | Aug | Sep | Oct | Nov | Dec 
2017: Jan | Feb | Mar | Apr | May | Jun | Jul | Aug | Sep | Oct | Nov | Dec 
2016: Jan | Feb | Mar | Apr | May | Jun | Jul | Aug | Sep | Oct | Nov | Dec 
2015: Jan | Feb | Mar | Apr | May | Jun | Jul | Aug | Sep | Oct | Nov | Dec 
2014: Jan | Feb | Mar | Apr | May | Jun | Jul | Aug | Sep | Oct | Nov | Dec 
2013: Jan | Feb | Mar | Apr | May | Jun | Jul | Aug | Sep | Oct | Nov | Dec 
2012: Jan | Feb | Mar | Apr | May | Jun | Jul | Aug | Sep | Oct | Nov | Dec 
2011: Jan | Feb | Mar | Apr | May | Jun | Jul | Aug | Sep | Oct | Nov | Dec 
2010: Jan | Feb | Mar | Apr | May | Jun | Jul | Aug | Sep | Oct | Nov | Dec 
2009: Jan | Feb | Mar | Apr | May | Jun | Jul | Aug | Sep | Oct | Nov | Dec 
 2008: Jan | Feb | Mar | Apr | May | Jun | Jul | Aug | Sep | Oct | Nov | Dec 
2007: Jan | Feb | Mar | Apr | May | Jun | Jul | Aug | Sep | Oct | Nov | Dec 
 2006: Jan | Feb | Mar | Apr | May | Jun | Jul | Aug | Sep | Oct | Nov | Dec 

Report for 2015 05
MONTHLY CLIMATOLOGICAL SUMMARY for APR. 2015 NAME: Estes Park - Truta CITY: Estes Park STATE: Colorado ELEV: 7700 ft LAT: 39 36' 00" N LONG: 104 54' 00" W TEMPERATURE (F), RAIN (in), WIND SPEED (mph) HEAT COOL AVG MEAN DEG DEG WIND DOM DAY TEMP HIGH TIME LOW TIME DAYS DAYS RAIN SPEED HIGH TIME DIR ------------------------------------------------------------------------------------ 1 48.5 59.2 11:37a 31.3 11:18p 15.9 0.0 0.00 6.1 42.0 11:15a WNW 2 27.7 33.8 9:41a 6.3 8:53a 35.8 0.0 0.00 3.1 14.0 10:05a E 3 25.8 37.9 11:46a 16.2 4:39a 37.7 0.0 0.20 2.4 25.0 9:27a SW 4 37.4 55.1 2:29p 14.6 1:36a 26.5 0.0 0.00 6.6 30.0 7:02a SW 5 46.6 60.9 1:50p 23.9 4:08a 17.6 0.0 0.00 7.3 33.0 9:18a WSW 6 51.5 62.7 1:48p 33.1 11:36p 13.0 0.0 0.00 8.0 32.0 11:39a WSW 7 45.8 56.6 10:29a 32.5 12:10a 18.4 0.0 0.00 4.7 32.0 10:05a E 8 40.1 48.9 8:53a 21.2 12:51p 24.0 0.0 0.00 4.7 32.0 7:59p WSW 9 36.1 48.0 11:31a 23.5 11:55p 27.9 0.0 0.00 3.8 25.0 8:56a E 10 36.3 54.7 10:22a 19.2 4:12a 27.6 0.0 0.00 2.5 24.0 9:13a NW 11 40.4 60.2 11:54a 21.1 3:36a 23.7 0.0 0.00 3.2 28.0 12:29p NW 12 45.5 55.3 1:11p 31.0 11:52p 18.8 0.0 0.00 7.4 35.0 2:10p WNW 13 43.0 59.2 12:09p 24.4 2:33a 21.2 0.0 0.00 3.7 20.0 6:29a SE 14 46.6 66.0 11:44a 23.8 3:43a 17.7 0.0 0.00 3.8 28.0 11:56a NNW 15 39.1 49.6 7:42a 11.0 3:21p 24.9 0.0 0.05 5.0 28.0 1:05a E 16 31.4 33.2 10:15p 26.9 5:11a 32.4 0.0 0.30 0.7 11.0 8:38a E 17 33.4 41.8 3:00p 28.5 11:45p 30.4 0.0 0.46 0.7 18.0 11:39a E 18 32.4 44.1 1:44p 23.2 8:50p 31.3 0.0 0.36 1.1 12.0 11:50a E 19 34.9 48.5 10:58a 26.4 4:35a 28.8 0.0 0.15 2.3 18.0 11:51a NW 20 34.9 47.3 10:09a 24.2 4:09a 29.2 0.0 0.02 2.9 30.0 1:36p N 21 39.8 58.6 12:53p 23.9 3:43a 24.3 0.0 0.00 2.7 29.0 1:30p NNE 22 42.1 60.4 8:53a 25.3 3:50a 22.1 0.0 0.00 2.3 28.0 9:24a NW 23 47.7 61.0 11:35a 35.8 11:33p 16.6 0.0 0.01 4.8 29.0 11:47a N 24 44.6 54.5 8:54a 18.7 3:21p 19.5 0.0 0.03 7.3 29.0 12:51p WSW 25 44.8 56.0 10:33a 38.0 11:57p 19.4 0.0 0.14 5.9 30.0 5:43a WSW 26 36.2 41.1 11:06a 33.4 11:35p 27.8 0.0 0.28 1.8 13.0 11:24a E 27 36.4 42.8 11:36a 32.8 1:30a 27.3 0.0 0.00 2.4 14.0 11:50a E 28 40.5 52.0 1:31p 30.4 11:53p 23.6 0.0 0.00 1.4 11.0 10:09a NE 29 50.3 69.8 12:19p 27.3 2:59a 14.4 0.4 0.01 3.9 25.0 6:17a NNE 30 53.5 69.6 12:51p 36.3 1:32a 11.6 0.6 0.04 3.6 27.0 2:47p NNW ------------------------------------------------------------------------------------- 40.4 69.8 29 6.3 2 709.4 1.0 2.05 3.9 42.0 1 WNW Max >= 90.0: 0 Max <= 32.0: 0 Min <= 32.0: 23 Min <= 0.0: 0 Max Rain: 0.46 ON 04/17/15 Days of Rain: 11 (>.01 in) 7 (>.1 in) 0 (>1 in) Heat Base: 65.0 Cool Base: 65.0 Method: Integration

Station affiliations

Weather data published to:,
Weather Underground, Citizen Weather Observer Program, WeatherForYou, AnythingWeather.com

Member of: Weather-Matrix, Weather-Watch.com

Quote from the patron saint of the webmaster, St. Alphonsus Liguori :
"My Jesus, Thou alone art sufficient for me.  My love, do not permit me to separate myself from Thee.  When shall I be able to say, 'My God, I cannot lose thee any more?' "

 ©2007 EstesParkWeather.net and ExceptionalWeather.com. EstesParkWeather.net is part of the ExceptionalWeather Network
Radar/maps © Weather Underground. Used with permission.    Valid XHTML 1.0     Valid CSS
Never base important decisions on this or any weather information obtained from the Internet.