NOAA style reports

Note: Some NOAA reports are not available. For a complete summary of all available archival weather data please this page.

Year to date and all Time Records: Are available on the Live page. Look for the Records push button.

2018: Jan | Feb | Mar | Apr | May | Jun | Jul | Aug | Sep | Oct | Nov | Dec 
2017: Jan | Feb | Mar | Apr | May | Jun | Jul | Aug | Sep | Oct | Nov | Dec 
2016: Jan | Feb | Mar | Apr | May | Jun | Jul | Aug | Sep | Oct | Nov | Dec 
2015: Jan | Feb | Mar | Apr | May | Jun | Jul | Aug | Sep | Oct | Nov | Dec 
2014: Jan | Feb | Mar | Apr | May | Jun | Jul | Aug | Sep | Oct | Nov | Dec 
2013: Jan | Feb | Mar | Apr | May | Jun | Jul | Aug | Sep | Oct | Nov | Dec 
2012: Jan | Feb | Mar | Apr | May | Jun | Jul | Aug | Sep | Oct | Nov | Dec 
2011: Jan | Feb | Mar | Apr | May | Jun | Jul | Aug | Sep | Oct | Nov | Dec 
2010: Jan | Feb | Mar | Apr | May | Jun | Jul | Aug | Sep | Oct | Nov | Dec 
2009: Jan | Feb | Mar | Apr | May | Jun | Jul | Aug | Sep | Oct | Nov | Dec 
 2008: Jan | Feb | Mar | Apr | May | Jun | Jul | Aug | Sep | Oct | Nov | Dec 
2007: Jan | Feb | Mar | Apr | May | Jun | Jul | Aug | Sep | Oct | Nov | Dec 
 2006: Jan | Feb | Mar | Apr | May | Jun | Jul | Aug | Sep | Oct | Nov | Dec 

Report for 2015 04
MONTHLY CLIMATOLOGICAL SUMMARY for MAR. 2015 NAME: Estes Park - Truta CITY: Estes Park STATE: Colorado ELEV: 7700 ft LAT: 39 36' 00" N LONG: 104 54' 00" W TEMPERATURE (F), RAIN (in), WIND SPEED (mph) HEAT COOL AVG MEAN DEG DEG WIND DOM DAY TEMP HIGH TIME LOW TIME DAYS DAYS RAIN SPEED HIGH TIME DIR ------------------------------------------------------------------------------------ 1 17.2 27.0 10:35a 9.3 5:37a 45.7 0.0 0.01 2.1 16.0 9:32a E 2 33.9 48.9 1:08p 17.3 12:01a 29.8 0.0 0.12 4.5 37.0 11:32a W 3 17.6 31.3 12:01a 8.8 11:59p 45.2 0.0 0.01 3.5 21.0 12:54a NNE 4 11.2 18.1 12:00m 0.1 5:23a 51.5 0.0 0.00 6.0 34.0 9:40p E 5 28.1 37.5 12:58p 17.3 12:23a 35.7 0.0 0.02 14.7 34.0 3:27a SW 6 36.2 46.5 1:44p 26.0 9:50p 27.7 0.0 0.00 6.9 33.0 12:32a W 7 32.4 48.5 1:13p 17.7 5:12a 31.3 0.0 0.00 1.9 12.0 1:10p N 8 30.7 43.9 12:06p 19.1 5:05a 33.2 0.0 0.00 1.5 12.0 1:06p NNE 9 34.2 51.3 1:55p 13.2 5:11a 29.6 0.0 0.00 3.8 21.0 7:49a WNW 10 38.7 54.8 12:30p 23.2 11:54p 25.2 0.0 0.00 2.2 14.0 1:38p SE 11 43.0 56.7 10:31a 19.9 2:31a 21.1 0.0 0.00 4.4 21.0 12:54p WNW 12 45.6 55.9 12:18p 36.2 11:47p 18.7 0.0 0.00 4.8 20.0 3:35a W 13 37.6 48.9 12:57p 25.3 11:59p 26.5 0.0 0.02 1.2 11.0 10:26a WNW 14 43.5 58.9 12:14p 18.9 5:16a 20.6 0.0 0.00 6.2 26.0 11:00a WSW 15 54.4 71.1 1:41p 35.2 11:46p 11.1 0.9 0.00 5.6 27.0 2:42a WSW 16 55.1 69.4 11:56a 0.1 5:13a 10.2 0.6 0.00 8.1 29.0 9:09a W 17 38.9 52.8 1:14p 32.1 11:55p 25.1 0.0 0.00 2.0 14.0 3:41p SE 18 44.3 55.6 12:24p 32.1 1:28a 19.8 0.0 0.01 3.0 18.0 3:47p WNW 19 32.6 38.8 10:16a 20.5 12:00m 31.0 0.0 0.02 2.1 13.0 11:06a NNE 20 33.6 59.5 11:18a 14.3 4:43a 27.2 0.0 0.05 1.0 12.0 11:08a WNW 21 42.1 63.4 2:14p 19.2 5:14a 22.1 0.0 0.00 2.6 31.0 11:36a NW 22 45.3 63.2 11:49a 29.3 4:20a 18.9 0.0 0.00 3.9 25.0 11:42a N 23 40.5 56.2 10:51a 24.8 3:21p 23.5 0.0 0.00 6.7 35.0 11:09a WSW 24 38.1 45.5 12:22p 31.0 12:01a 25.9 0.0 0.00 12.1 41.0 1:49p W 25 32.0 39.1 4:08p 24.2 8:29p 31.8 0.0 0.04 3.7 25.0 11:11a WNW 26 41.8 51.7 1:50p 30.0 2:45a 22.3 0.0 0.00 7.9 31.0 1:05a WNW 27 48.8 62.1 12:21p 35.6 10:11p 15.6 0.0 0.00 7.8 32.0 8:34a WNW 28 55.1 65.5 11:36a 47.3 11:23p 9.5 0.0 0.00 10.0 43.0 6:26p WSW 29 45.6 57.6 12:21p 28.8 10:42p 18.7 0.0 0.00 4.7 30.0 6:22a W 30 50.4 64.3 11:53a 28.4 11:57p 14.1 0.0 0.00 5.6 30.0 8:44a W 31 48.5 68.3 12:17p 24.5 3:58a 16.1 0.2 0.00 4.5 29.0 10:09a N ------------------------------------------------------------------------------------- 38.6 71.1 15 0.1 4 784.7 1.7 0.30 5.0 43.0 28 W Max >= 90.0: 0 Max <= 32.0: 3 Min <= 32.0: 25 Min <= 0.0: 0 Max Rain: 0.12 ON 03/02/15 Days of Rain: 6 (>.01 in) 1 (>.1 in) 0 (>1 in) Heat Base: 65.0 Cool Base: 65.0 Method: Integration

Station affiliations

Weather data published to:,
Weather Underground, Citizen Weather Observer Program, WeatherForYou, AnythingWeather.com

Member of: Weather-Matrix, Weather-Watch.com

Quote from the patron saint of the webmaster, St. Alphonsus Liguori :
"My Jesus, Thou alone art sufficient for me.  My love, do not permit me to separate myself from Thee.  When shall I be able to say, 'My God, I cannot lose thee any more?' "

 ©2007 EstesParkWeather.net and ExceptionalWeather.com. EstesParkWeather.net is part of the ExceptionalWeather Network
Radar/maps © Weather Underground. Used with permission.    Valid XHTML 1.0     Valid CSS
Never base important decisions on this or any weather information obtained from the Internet.