NOAA style reports

Note: Some NOAA reports are not available. For a complete summary of all available archival weather data please this page.

Year to date and all Time Records: Are available on the Live page. Look for the Records push button.

2018: Jan | Feb | Mar | Apr | May | Jun | Jul | Aug | Sep | Oct | Nov | Dec 
2017: Jan | Feb | Mar | Apr | May | Jun | Jul | Aug | Sep | Oct | Nov | Dec 
2016: Jan | Feb | Mar | Apr | May | Jun | Jul | Aug | Sep | Oct | Nov | Dec 
2015: Jan | Feb | Mar | Apr | May | Jun | Jul | Aug | Sep | Oct | Nov | Dec 
2014: Jan | Feb | Mar | Apr | May | Jun | Jul | Aug | Sep | Oct | Nov | Dec 
2013: Jan | Feb | Mar | Apr | May | Jun | Jul | Aug | Sep | Oct | Nov | Dec 
2012: Jan | Feb | Mar | Apr | May | Jun | Jul | Aug | Sep | Oct | Nov | Dec 
2011: Jan | Feb | Mar | Apr | May | Jun | Jul | Aug | Sep | Oct | Nov | Dec 
2010: Jan | Feb | Mar | Apr | May | Jun | Jul | Aug | Sep | Oct | Nov | Dec 
2009: Jan | Feb | Mar | Apr | May | Jun | Jul | Aug | Sep | Oct | Nov | Dec 
 2008: Jan | Feb | Mar | Apr | May | Jun | Jul | Aug | Sep | Oct | Nov | Dec 
2007: Jan | Feb | Mar | Apr | May | Jun | Jul | Aug | Sep | Oct | Nov | Dec 
 2006: Jan | Feb | Mar | Apr | May | Jun | Jul | Aug | Sep | Oct | Nov | Dec 

Report for 2012 09
MONTHLY CLIMATOLOGICAL SUMMARY for SEP. 2012 NAME: Truta's Estes Park Weather CITY: Estes Park STATE: CO ELEV: 7700 ft LAT: 39 36' 00" N LONG: 104 54' 00" W TEMPERATURE (F), RAIN (in), WIND SPEED (mph) HEAT COOL AVG MEAN DEG DEG WIND DOM DAY TEMP HIGH TIME LOW TIME DAYS DAYS RAIN SPEED HIGH TIME DIR ------------------------------------------------------------------------------------ 1 65.4 82.0 12:09p 46.4 6:44a 4.7 5.0 0.00 4.0 40.0 6:21p W 2 67.5 79.9 3:28p 54.7 12:52a 1.9 4.2 0.00 5.9 21.0 11:04a SW 3 60.1 76.7 4:03p 21.4 6:22a 6.8 2.1 0.00 5.1 36.0 4:47p WSW 4 61.3 82.2 2:27p 38.8 6:38a 8.3 4.7 0.00 4.0 30.0 12:16p WSW 5 59.3 82.0 4:01p 23.5 10:57p 9.3 4.0 0.00 2.9 22.0 12:20p NW 6 59.4 80.7 2:00p 35.8 6:52a 9.5 4.2 0.00 3.7 26.0 5:42p WNW 7 52.6 60.9 2:19p 25.2 7:41p 9.8 0.0 0.11 3.1 17.0 12:01a NE 8 9 10 11 12 13 14 15 16 17 18 19 51.2 65.5 5:39p 41.2 11:58p 3.2 0.0 0.00 1.7 10.0 6:28p N 20 53.6 72.8 1:39p 17.0 11:59p 11.0 1.4 0.00 2.3 18.0 11:49a W 21 52.2 73.3 3:38p 8.8 4:48a 13.2 1.4 0.00 2.0 17.0 11:49a SE 22 52.1 73.5 1:27p 32.5 6:37a 14.0 1.5 0.00 2.1 18.0 12:50p NNW 23 56.3 79.0 1:50p 33.1 6:05a 10.9 2.5 0.00 3.7 24.0 6:14p WSW 24 56.7 68.6 4:05p 4.9 7:35a 8.0 0.1 0.04 4.9 24.0 6:01p WSW 25 46.8 63.1 11:46a 13.5 3:11a 17.0 0.0 0.13 3.3 19.0 11:59a WNW 26 46.8 54.2 1:08p 23.0 4:32p 16.8 0.0 0.45 1.9 12.0 12:34p N 27 45.8 60.5 1:03p 35.6 7:00a 18.5 0.0 0.05 1.7 25.0 2:08p N 28 47.2 64.5 2:27p 32.5 7:14a 17.1 0.0 0.01 1.3 14.0 1:39p SE 29 49.3 69.8 12:25p 32.8 7:18a 15.2 0.3 0.01 1.3 13.0 6:11p WSW 30 53.4 68.3 1:57p 39.9 3:16a 11.1 0.1 0.00 3.6 21.0 12:01p NNW ------------------------------------------------------------------------------------- 54.6 82.2 4 4.9 24 206.3 31.5 0.80 3.1 40.0 1 WSW Max >= 90.0: 0 Max <= 32.0: 0 Min <= 32.0: 8 Min <= 0.0: 0 Max Rain: 0.45 ON 09/26/12 Days of Rain: 5 (>.01 in) 3 (>.1 in) 0 (>1 in) Heat Base: 65.0 Cool Base: 65.0 Method: Integration

Station affiliations

Weather data published to:,
Weather Underground, Citizen Weather Observer Program, WeatherForYou, AnythingWeather.com

Member of: Weather-Matrix, Weather-Watch.com

Quote from the patron saint of the webmaster, St. Alphonsus Liguori :
"My Jesus, Thou alone art sufficient for me.  My love, do not permit me to separate myself from Thee.  When shall I be able to say, 'My God, I cannot lose thee any more?' "

 ©2007 EstesParkWeather.net and ExceptionalWeather.com. EstesParkWeather.net is part of the ExceptionalWeather Network
Radar/maps © Weather Underground. Used with permission.    Valid XHTML 1.0     Valid CSS
Never base important decisions on this or any weather information obtained from the Internet.