NOAA style reports

Note: Some NOAA reports are not available. For a complete summary of all available archival weather data please this page.

Year to date and all Time Records: Are available on the Live page. Look for the Records push button.

2018: Jan | Feb | Mar | Apr | May | Jun | Jul | Aug | Sep | Oct | Nov | Dec 
2017: Jan | Feb | Mar | Apr | May | Jun | Jul | Aug | Sep | Oct | Nov | Dec 
2016: Jan | Feb | Mar | Apr | May | Jun | Jul | Aug | Sep | Oct | Nov | Dec 
2015: Jan | Feb | Mar | Apr | May | Jun | Jul | Aug | Sep | Oct | Nov | Dec 
2014: Jan | Feb | Mar | Apr | May | Jun | Jul | Aug | Sep | Oct | Nov | Dec 
2013: Jan | Feb | Mar | Apr | May | Jun | Jul | Aug | Sep | Oct | Nov | Dec 
2012: Jan | Feb | Mar | Apr | May | Jun | Jul | Aug | Sep | Oct | Nov | Dec 
2011: Jan | Feb | Mar | Apr | May | Jun | Jul | Aug | Sep | Oct | Nov | Dec 
2010: Jan | Feb | Mar | Apr | May | Jun | Jul | Aug | Sep | Oct | Nov | Dec 
2009: Jan | Feb | Mar | Apr | May | Jun | Jul | Aug | Sep | Oct | Nov | Dec 
 2008: Jan | Feb | Mar | Apr | May | Jun | Jul | Aug | Sep | Oct | Nov | Dec 
2007: Jan | Feb | Mar | Apr | May | Jun | Jul | Aug | Sep | Oct | Nov | Dec 
 2006: Jan | Feb | Mar | Apr | May | Jun | Jul | Aug | Sep | Oct | Nov | Dec 

Report for 2012 07
MONTHLY CLIMATOLOGICAL SUMMARY for JUN. 2012 NAME: Truta's Estes Park Weather CITY: Estes Park STATE: CO ELEV: 7700 ft LAT: 39 36' 00" N LONG: 104 54' 00" W TEMPERATURE (F), RAIN (in), WIND SPEED (mph) HEAT COOL AVG MEAN DEG DEG WIND DOM DAY TEMP HIGH TIME LOW TIME DAYS DAYS RAIN SPEED HIGH TIME DIR ------------------------------------------------------------------------------------ 1 58.8 73.0 1:37p 7.2 7:31a 7.3 1.4 0.00 5.8 27.0 6:47a WSW 2 56.0 80.9 12:03p 37.6 5:39a 10.1 1.5 0.10 4.4 35.0 5:57p NNW 3 64.9 78.8 12:18p 49.5 11:36p 3.8 3.7 0.00 3.7 24.0 1:15p WSW 4 63.7 81.8 3:51p 0.8 7:33a 7.2 5.9 0.00 2.9 26.0 8:17p SE 5 59.3 74.4 2:46p 1.7 7:33a 7.4 2.0 0.12 2.6 19.0 5:38p SE 6 60.4 74.7 1:56p 40.5 5:30a 7.3 2.8 0.00 4.3 24.0 3:17p E 7 62.4 74.4 2:27p 51.7 4:16a 4.6 2.1 0.00 3.8 19.0 2:44p NE 8 66.2 83.2 4:45p 45.5 6:01a 4.7 5.9 0.00 5.5 32.0 11:55p SW 9 73.2 83.6 3:53p 64.0 11:27p 0.0 7.8 0.00 11.0 36.0 9:19a WSW 10 59.4 68.8 12:59a 23.5 7:11a 5.8 0.4 0.00 11.1 37.0 4:15p SW 11 56.5 68.4 12:28p 24.2 12:34a 8.4 0.3 0.00 5.0 24.0 3:05a E 12 58.4 75.4 1:53p 33.7 6:05a 8.9 2.5 0.00 3.8 25.0 11:58a WSW 13 63.0 82.4 3:02p 0.1 7:35a 7.8 5.9 0.00 4.5 28.0 10:41a WNW 14 60.7 77.7 1:52p 39.9 6:05a 7.1 3.0 0.00 3.4 25.0 8:27p WNW 15 61.7 78.6 11:51a 46.8 4:39a 5.3 2.2 0.00 3.3 27.0 4:47p SE 16 58.5 72.0 4:07p 1.6 7:32a 6.9 0.8 0.00 2.9 27.0 4:30p E 17 43.2 48.9 12:01a 16.0 3:12a 5.3 0.0 0.00 1.2 6.0 4:55a WNW 18 79.5 85.3 4:18p 51.2 8:43p 0.0 5.1 0.00 8.7 30.0 3:34p WSW 19 74.3 85.5 3:16p 61.8 11:14p 0.1 8.9 0.00 8.7 30.0 12:30p WSW 20 57.8 66.3 1:29p 44.9 6:00a 6.9 0.0 0.00 4.5 22.0 2:16p E 21 62.7 77.9 2:44p 45.4 6:13a 6.0 3.9 0.00 2.8 20.0 1:43p SE 22 69.8 89.0 2:34p 41.5 6:04a 5.6 10.2 0.00 6.4 34.0 5:51p WSW 23 76.0 91.0 4:16p 54.4 6:19a 0.7 11.0 0.00 7.2 36.0 12:09p WSW 24 75.1 90.3 1:07p 19.6 7:33a 1.1 10.7 0.00 3.6 22.0 10:51a WSW 25 72.7 90.7 3:33p 7.2 7:33a 2.8 10.2 0.00 3.5 40.0 3:46p WNW 26 74.6 88.0 1:13p 53.3 3:23a 1.9 11.0 0.00 7.2 35.0 11:20a SW 27 71.1 86.1 3:14p 54.4 12:00m 1.2 7.0 0.11 6.9 30.0 4:43a WSW 28 63.1 87.2 1:56p 46.5 5:35a 4.8 3.6 0.04 3.8 25.0 10:17a SW 29 30 ------------------------------------------------------------------------------------- 64.4 91.0 23 0.1 13 139.0 129.8 0.37 5.1 40.0 25 WSW Max >= 90.0: 3 Max <= 32.0: 0 Min <= 32.0: 10 Min <= 0.0: 0 Max Rain: 0.12 ON 06/05/12 Days of Rain: 4 (>.01 in) 2 (>.1 in) 0 (>1 in) Heat Base: 65.0 Cool Base: 65.0 Method: Integration

Station affiliations

Weather data published to:,
Weather Underground, Citizen Weather Observer Program, WeatherForYou, AnythingWeather.com

Member of: Weather-Matrix, Weather-Watch.com

Quote from the patron saint of the webmaster, St. Alphonsus Liguori :
"My Jesus, Thou alone art sufficient for me.  My love, do not permit me to separate myself from Thee.  When shall I be able to say, 'My God, I cannot lose thee any more?' "

 ©2007 EstesParkWeather.net and ExceptionalWeather.com. EstesParkWeather.net is part of the ExceptionalWeather Network
Radar/maps © Weather Underground. Used with permission.    Valid XHTML 1.0     Valid CSS
Never base important decisions on this or any weather information obtained from the Internet.